{"id":17201,"date":"2022-12-14T16:24:43","date_gmt":"2022-12-14T16:24:43","guid":{"rendered":"https:\/\/www.digitalizewallonie.be\/fr\/?post_type=activity&#038;p=17201"},"modified":"2023-01-31T09:20:55","modified_gmt":"2023-01-31T09:20:55","slug":"gerer-son-information-comme-un-actif-de-lorganisation","status":"publish","type":"activity","link":"https:\/\/www.digitalizewallonie.be\/fr\/session\/gerer-son-information-comme-un-actif-de-lorganisation\/","title":{"rendered":"G\u00e9rer son information comme un actif de l\u2019organisation"},"content":{"rendered":"<p><em>Jeudi 2 f\u00e9vrier &#8211; 13.30-14.15<\/em><\/p>\n<p>Dans un monde \u201cnum\u00e9rique\u201d, tout le monde s\u2019accorde \u00e0 dire que les donn\u00e9es ou l\u2019information sont des \u00e9l\u00e9ments importants \u00e0 prendre en consid\u00e9ration.<\/p>\n<p>Pourtant, peu d\u2019entreprises mettent effectivement en place des programmes ou des pratiques permettant d\u2019identifier, de localiser et de g\u00e9rer le cycle de vie des donn\u00e9es.<\/p>\n<p>Dans une environnements o\u00f9 les contraintes l\u00e9gales et les menaces techniques (cyberattaques) se d\u00e9multiplient, il est urgent que les entreprises se conscientisent et traitent leurs donn\u00e9es, leurs informations comme un actif de l\u2019organisation.<\/p>\n","protected":false},"excerpt":{"rendered":"<p>Dans un monde \u201cnum\u00e9rique\u201d, tout le monde s\u2019accorde \u00e0 dire que les donn\u00e9es ou l\u2019information sont des \u00e9l\u00e9ments importants \u00e0 prendre en consid\u00e9ration.<\/p>\n<p>Pourtant, peu d\u2019entreprises mettent effectivement en place des programmes ou des pratiques permettant d\u2019identifier, de localiser et de g\u00e9rer le cycle de vie des donn\u00e9es.<\/p>\n","protected":false},"featured_media":0,"template":"","meta":{"_seopress_robots_primary_cat":"","_seopress_titles_title":"G\u00e9rer son information comme un actif de l\u2019organisation","_seopress_titles_desc":"Dans un monde \u201cnum\u00e9rique\u201d, tout le monde s\u2019accorde \u00e0 dire que les donn\u00e9es ou l\u2019information sont des \u00e9l\u00e9ments importants \u00e0 prendre en consid\u00e9ration.\r\n\r\nPourtant, peu d\u2019entreprises mettent effectivement en place des programmes ou des pratiques permettant d\u2019identifier, de localiser et de g\u00e9rer le cycle de vie des donn\u00e9es.","_seopress_robots_index":"","_activity_time_start":"13:30","_activity_time_end":"14:15","_activity_date":"2023-02-02","_activity_price":"0","footnotes":""},"edition":[344],"location":[345],"track":[],"activity_type":[],"class_list":["post-17201","activity","type-activity","status-publish","hentry","edition-digitalize-namur-2023","location-e-commerce-arena"],"_guests":[],"_sponsors":[],"_cover_image":null,"_links":{"self":[{"href":"https:\/\/www.digitalizewallonie.be\/fr\/wp-json\/wp\/v2\/activity\/17201","targetHints":{"allow":["GET"]}}],"collection":[{"href":"https:\/\/www.digitalizewallonie.be\/fr\/wp-json\/wp\/v2\/activity"}],"about":[{"href":"https:\/\/www.digitalizewallonie.be\/fr\/wp-json\/wp\/v2\/types\/activity"}],"version-history":[{"count":4,"href":"https:\/\/www.digitalizewallonie.be\/fr\/wp-json\/wp\/v2\/activity\/17201\/revisions"}],"predecessor-version":[{"id":21986,"href":"https:\/\/www.digitalizewallonie.be\/fr\/wp-json\/wp\/v2\/activity\/17201\/revisions\/21986"}],"wp:attachment":[{"href":"https:\/\/www.digitalizewallonie.be\/fr\/wp-json\/wp\/v2\/media?parent=17201"}],"wp:term":[{"taxonomy":"edition","embeddable":true,"href":"https:\/\/www.digitalizewallonie.be\/fr\/wp-json\/wp\/v2\/edition?post=17201"},{"taxonomy":"location","embeddable":true,"href":"https:\/\/www.digitalizewallonie.be\/fr\/wp-json\/wp\/v2\/location?post=17201"},{"taxonomy":"track","embeddable":true,"href":"https:\/\/www.digitalizewallonie.be\/fr\/wp-json\/wp\/v2\/track?post=17201"},{"taxonomy":"activity_type","embeddable":true,"href":"https:\/\/www.digitalizewallonie.be\/fr\/wp-json\/wp\/v2\/activity_type?post=17201"}],"curies":[{"name":"wp","href":"https:\/\/api.w.org\/{rel}","templated":true}]}}

Gérer son information comme un actif de l’organisation

<p><em>Jeudi 2 février &#8211; 13.30-14.15</em></p>
<p>Dans un monde “numérique”, tout le monde s’accorde à dire que les données ou l’information sont des éléments importants à prendre en considération.</p>
<p>Pourtant, peu d’entreprises mettent effectivement en place des programmes ou des pratiques permettant d’identifier, de localiser et de gérer le cycle de vie des données.</p>
<p>Dans une environnements où les contraintes légales et les menaces techniques (cyberattaques) se démultiplient, il est urgent que les entreprises se conscientisent et traitent leurs données, leurs informations comme un actif de l’organisation.</p>

<p>Dans un monde “numérique”, tout le monde s’accorde à dire que les données ou l’information sont des éléments importants à prendre en considération.</p>
<p>Pourtant, peu d’entreprises mettent effectivement en place des programmes ou des pratiques permettant d’identifier, de localiser et de gérer le cycle de vie des données.</p>

Dans un monde “numérique”, tout le monde s’accorde à dire que les données ou l’information sont des éléments importants à prendre en considération.

Pourtant, peu d’entreprises mettent effectivement en place des programmes ou des pratiques permettant d’identifier, de localiser et de gérer le cycle de vie des données.
