{"id":17221,"date":"2022-12-14T16:37:33","date_gmt":"2022-12-14T16:37:33","guid":{"rendered":"https:\/\/www.digitalizewallonie.be\/fr\/?post_type=activity&#038;p=17221"},"modified":"2023-01-06T14:41:31","modified_gmt":"2023-01-06T14:41:31","slug":"bootcamp-circularite-et-numerique","status":"publish","type":"activity","link":"https:\/\/www.digitalizewallonie.be\/fr\/session\/bootcamp-circularite-et-numerique\/","title":{"rendered":"Bootcamp circularit\u00e9 et num\u00e9rique"},"content":{"rendered":"<p><img fetchpriority=\"high\" decoding=\"async\" class=\"alignnone  wp-image-18854\" src=\"https:\/\/easyfairsassets.com\/sites\/24\/2022\/12\/bootcamp-circular-2023-300x150.jpg\" alt=\"\" width=\"446\" height=\"223\" srcset=\"https:\/\/easyfairsassets.com\/sites\/24\/2022\/12\/bootcamp-circular-2023-300x150.jpg 300w, https:\/\/easyfairsassets.com\/sites\/24\/2022\/12\/bootcamp-circular-2023-1024x512.jpg 1024w, https:\/\/easyfairsassets.com\/sites\/24\/2022\/12\/bootcamp-circular-2023-768x384.jpg 768w, https:\/\/easyfairsassets.com\/sites\/24\/2022\/12\/bootcamp-circular-2023.jpg 1200w\" sizes=\"(max-width: 446px) 100vw, 446px\" \/><\/p>\n<p><em>Vendredi 3 f\u00e9vrier &#8211; 9.00-14.00<\/em><\/p>\n<p><strong>Participez au Bootcamp organis\u00e9 dans le cadre du programme Digital Wallonia 4 Circular, organis\u00e9 par l&#8217;Agence du Num\u00e9rique, le SPW et Swarn.<\/strong><\/p>\n<div class=\"eds-l-mar-vert-6 eds-l-sm-mar-vert-4 eds-text-bm structured-content-rich-text\">\n<div class=\"eds-text--left\">\n<p>Les outils et usages du num\u00e9rique sont sources d\u2019innovation. Ils constituent des leviers ou des acc\u00e9l\u00e9rateurs pour mettre en \u0153uvre la transition vers l\u2019\u00e9conomie circulaire. Ce bootcamp vous propose de d\u00e9couvrir les apports du num\u00e9rique \u00e0 la circularit\u00e9 en y associant pratiquement une approche low tech.<\/p>\n<p>Au programme : rappel de la m\u00e9thodologie LOTENG, pitch des d\u00e9fis technologiques par secteur, s\u00e9ance d\u2019id\u00e9ation et challenge des solutions, networking et lunch.<\/p>\n<p><strong>Vous souhaitez participer \u00e0 ce bootcamp ?<\/strong> <a href=\"https:\/\/www.eventbrite.be\/e\/billets-bootcamp-circularite-et-numerique-489282546267\" target=\"_blank\" rel=\"noopener\">Cliquez tout simplement ici<\/a>.<\/p>\n<\/div>\n<\/div>\n","protected":false},"excerpt":{"rendered":"<p><strong>Participez au Bootcamp organis\u00e9 dans le cadre du programme Digital Wallonia 4 Circular, organis\u00e9 par l&#8217;Agence du Num\u00e9rique, le SPW et Swarn.<\/strong><\/p>\n<div class=\"eds-l-mar-vert-6 eds-l-sm-mar-vert-4 eds-text-bm structured-content-rich-text\">\n<div class=\"eds-text--left\">\n<p>Les outils et usages du num\u00e9rique sont sources d\u2019innovation. Ils constituent des leviers ou des acc\u00e9l\u00e9rateurs pour mettre en \u0153uvre la transition vers l\u2019\u00e9conomie circulaire. Ce bootcamp vous propose de d\u00e9couvrir les apports du num\u00e9rique \u00e0 la circularit\u00e9 en y associant pratiquement une approche low tech.<\/p>\n<\/div>\n<\/div>\n","protected":false},"featured_media":0,"template":"","meta":{"_seopress_robots_primary_cat":"","_seopress_titles_title":"Bootcamp circularit\u00e9 et num\u00e9rique","_seopress_titles_desc":"Participez au Bootcamp organis\u00e9 dans le cadre du programme Digital Wallonia 4 Circular, organis\u00e9 par l&#039;Agence du Num\u00e9rique, le SPW et Swarn.\r\n\r\nLes outils et usages du num\u00e9rique sont sources d\u2019innovation. Ils constituent des leviers ou des acc\u00e9l\u00e9rateurs pour mettre en \u0153uvre la transition vers l\u2019\u00e9conomie circulaire. Ce bootcamp vous propose de d\u00e9couvrir les apports du num\u00e9rique \u00e0 la circularit\u00e9 en y associant pratiquement une approche low tech.","_seopress_robots_index":"","_activity_time_start":"09:00","_activity_time_end":"14:00","_activity_date":"2023-02-03","_activity_price":"0","footnotes":""},"edition":[344],"location":[345],"track":[],"activity_type":[],"class_list":["post-17221","activity","type-activity","status-publish","hentry","edition-digitalize-namur-2023","location-e-commerce-arena"],"_guests":[],"_sponsors":[],"_cover_image":null,"_links":{"self":[{"href":"https:\/\/www.digitalizewallonie.be\/fr\/wp-json\/wp\/v2\/activity\/17221","targetHints":{"allow":["GET"]}}],"collection":[{"href":"https:\/\/www.digitalizewallonie.be\/fr\/wp-json\/wp\/v2\/activity"}],"about":[{"href":"https:\/\/www.digitalizewallonie.be\/fr\/wp-json\/wp\/v2\/types\/activity"}],"version-history":[{"count":3,"href":"https:\/\/www.digitalizewallonie.be\/fr\/wp-json\/wp\/v2\/activity\/17221\/revisions"}],"predecessor-version":[{"id":18856,"href":"https:\/\/www.digitalizewallonie.be\/fr\/wp-json\/wp\/v2\/activity\/17221\/revisions\/18856"}],"wp:attachment":[{"href":"https:\/\/www.digitalizewallonie.be\/fr\/wp-json\/wp\/v2\/media?parent=17221"}],"wp:term":[{"taxonomy":"edition","embeddable":true,"href":"https:\/\/www.digitalizewallonie.be\/fr\/wp-json\/wp\/v2\/edition?post=17221"},{"taxonomy":"location","embeddable":true,"href":"https:\/\/www.digitalizewallonie.be\/fr\/wp-json\/wp\/v2\/location?post=17221"},{"taxonomy":"track","embeddable":true,"href":"https:\/\/www.digitalizewallonie.be\/fr\/wp-json\/wp\/v2\/track?post=17221"},{"taxonomy":"activity_type","embeddable":true,"href":"https:\/\/www.digitalizewallonie.be\/fr\/wp-json\/wp\/v2\/activity_type?post=17221"}],"curies":[{"name":"wp","href":"https:\/\/api.w.org\/{rel}","templated":true}]}}

Bootcamp circularité et numérique

<p><img fetchpriority="high" decoding="async" class="alignnone  wp-image-18854" src="https://easyfairsassets.com/sites/24/2022/12/bootcamp-circular-2023-300x150.jpg" alt="" width="446" height="223" srcset="https://easyfairsassets.com/sites/24/2022/12/bootcamp-circular-2023-300x150.jpg 300w, https://easyfairsassets.com/sites/24/2022/12/bootcamp-circular-2023-1024x512.jpg 1024w, https://easyfairsassets.com/sites/24/2022/12/bootcamp-circular-2023-768x384.jpg 768w, https://easyfairsassets.com/sites/24/2022/12/bootcamp-circular-2023.jpg 1200w" sizes="(max-width: 446px) 100vw, 446px" /></p>
<p><em>Vendredi 3 février &#8211; 9.00-14.00</em></p>
<p><strong>Participez au Bootcamp organisé dans le cadre du programme Digital Wallonia 4 Circular, organisé par l&#8217;Agence du Numérique, le SPW et Swarn.</strong></p>
<div class="eds-l-mar-vert-6 eds-l-sm-mar-vert-4 eds-text-bm structured-content-rich-text">
<div class="eds-text--left">
<p>Les outils et usages du numérique sont sources d’innovation. Ils constituent des leviers ou des accélérateurs pour mettre en œuvre la transition vers l’économie circulaire. Ce bootcamp vous propose de découvrir les apports du numérique à la circularité en y associant pratiquement une approche low tech.</p>
<p>Au programme : rappel de la méthodologie LOTENG, pitch des défis technologiques par secteur, séance d’idéation et challenge des solutions, networking et lunch.</p>
<p><strong>Vous souhaitez participer à ce bootcamp ?</strong> <a href="https://www.eventbrite.be/e/billets-bootcamp-circularite-et-numerique-489282546267" target="_blank" rel="noopener">Cliquez tout simplement ici</a>.</p>
</div>
</div>

<p><strong>Participez au Bootcamp organisé dans le cadre du programme Digital Wallonia 4 Circular, organisé par l&#8217;Agence du Numérique, le SPW et Swarn.</strong></p>
<div class="eds-l-mar-vert-6 eds-l-sm-mar-vert-4 eds-text-bm structured-content-rich-text">
<div class="eds-text--left">
<p>Les outils et usages du numérique sont sources d’innovation. Ils constituent des leviers ou des accélérateurs pour mettre en œuvre la transition vers l’économie circulaire. Ce bootcamp vous propose de découvrir les apports du numérique à la circularité en y associant pratiquement une approche low tech.</p>
</div>
</div>

Participez au Bootcamp organisé dans le cadre du programme Digital Wallonia 4 Circular, organisé par l&#039;Agence du Numérique, le SPW et Swarn.

Les outils et usages du numérique sont sources d’innovation. Ils constituent des leviers ou des accélérateurs pour mettre en œuvre la transition vers l’économie circulaire. Ce bootcamp vous propose de découvrir les apports du numérique à la circularité en y associant pratiquement une approche low tech.
