{"id":28215,"date":"2024-01-03T11:11:49","date_gmt":"2024-01-03T11:11:49","guid":{"rendered":"https:\/\/www.digitalizewallonie.be\/fr\/?post_type=activity&#038;p=28215"},"modified":"2024-01-03T12:08:50","modified_gmt":"2024-01-03T12:08:50","slug":"implementation-dun-erp-pour-votre-pme-les-bonnes-questions-a-se-poser","status":"publish","type":"activity","link":"https:\/\/www.digitalizewallonie.be\/fr\/session\/implementation-dun-erp-pour-votre-pme-les-bonnes-questions-a-se-poser\/","title":{"rendered":"Impl\u00e9mentation d\u2019un ERP pour votre PME: les bonnes questions \u00e0 se poser !"},"content":{"rendered":"\n<p>A travers la pr\u00e9sentation d\u2019un cas concret, vous comprendrez quels sont les b\u00e9n\u00e9fices et risques que peuvent vous apporter l\u2019impl\u00e9mentation d\u2019un ERP. Quelle solution choisir, g\u00e9n\u00e9raliste ou sectorielle ? Quel est l\u2019int\u00e9r\u00eat de l\u2019analyse fonctionnelle ? Choisir un module compl\u00e9mentaire int\u00e9gr\u00e9 ou une application externe ? A quel ordre de grandeur s\u2019attendre point de vue prix ? Nous tenterons de r\u00e9pondre \u00e0 toutes ces questions et cl\u00f4turerons avec une session de questions r\u00e9ponses.<\/p>\n","protected":false},"excerpt":{"rendered":"<p>A travers la pr\u00e9sentation d\u2019un cas concret, vous comprendrez quels sont les b\u00e9n\u00e9fices et risques que peuvent vous apporter l\u2019impl\u00e9mentation d\u2019un ERP. Quelle solution choisir, g\u00e9n\u00e9raliste ou sectorielle ? Quel est l\u2019int\u00e9r\u00eat de l\u2019analyse fonctionnelle ? Choisir un module compl\u00e9mentaire int\u00e9gr\u00e9 ou une application externe ? A quel ordre de grandeur s\u2019attendre point de vue [&hellip;]<\/p>\n","protected":false},"featured_media":0,"template":"","meta":{"_seopress_robots_primary_cat":"","_seopress_titles_title":"","_seopress_titles_desc":"","_seopress_robots_index":"","_activity_time_start":"12:45","_activity_time_end":"13:15","_activity_date":"2024-02-01","_activity_price":"0","footnotes":""},"edition":[],"location":[47],"track":[383],"activity_type":[387],"class_list":["post-28215","activity","type-activity","status-publish","hentry","location-success-stories-stage","track-operations-logistique","activity_type-conversation"],"_guests":[{"href":"https:\/\/www.digitalizewallonie.be\/fr\/wp-json\/wp\/v2\/guest\/28210"}],"_sponsors":[],"_cover_image":null,"_links":{"self":[{"href":"https:\/\/www.digitalizewallonie.be\/fr\/wp-json\/wp\/v2\/activity\/28215","targetHints":{"allow":["GET"]}}],"collection":[{"href":"https:\/\/www.digitalizewallonie.be\/fr\/wp-json\/wp\/v2\/activity"}],"about":[{"href":"https:\/\/www.digitalizewallonie.be\/fr\/wp-json\/wp\/v2\/types\/activity"}],"version-history":[{"count":2,"href":"https:\/\/www.digitalizewallonie.be\/fr\/wp-json\/wp\/v2\/activity\/28215\/revisions"}],"predecessor-version":[{"id":28218,"href":"https:\/\/www.digitalizewallonie.be\/fr\/wp-json\/wp\/v2\/activity\/28215\/revisions\/28218"}],"wp:attachment":[{"href":"https:\/\/www.digitalizewallonie.be\/fr\/wp-json\/wp\/v2\/media?parent=28215"}],"wp:term":[{"taxonomy":"edition","embeddable":true,"href":"https:\/\/www.digitalizewallonie.be\/fr\/wp-json\/wp\/v2\/edition?post=28215"},{"taxonomy":"location","embeddable":true,"href":"https:\/\/www.digitalizewallonie.be\/fr\/wp-json\/wp\/v2\/location?post=28215"},{"taxonomy":"track","embeddable":true,"href":"https:\/\/www.digitalizewallonie.be\/fr\/wp-json\/wp\/v2\/track?post=28215"},{"taxonomy":"activity_type","embeddable":true,"href":"https:\/\/www.digitalizewallonie.be\/fr\/wp-json\/wp\/v2\/activity_type?post=28215"}],"curies":[{"name":"wp","href":"https:\/\/api.w.org\/{rel}","templated":true}]}}

Implémentation d’un ERP pour votre PME: les bonnes questions à se poser !

<p>A travers la présentation d’un cas concret, vous comprendrez quels sont les bénéfices et risques que peuvent vous apporter l’implémentation d’un ERP. Quelle solution choisir, généraliste ou sectorielle ? Quel est l’intérêt de l’analyse fonctionnelle ? Choisir un module complémentaire intégré ou une application externe ? A quel ordre de grandeur s’attendre point de vue prix ? Nous tenterons de répondre à toutes ces questions et clôturerons avec une session de questions réponses.</p>

<p>A travers la présentation d’un cas concret, vous comprendrez quels sont les bénéfices et risques que peuvent vous apporter l’implémentation d’un ERP. Quelle solution choisir, généraliste ou sectorielle ? Quel est l’intérêt de l’analyse fonctionnelle ? Choisir un module complémentaire intégré ou une application externe ? A quel ordre de grandeur s’attendre point de vue [&hellip;]</p>
