{"id":28356,"date":"2024-01-08T15:50:46","date_gmt":"2024-01-08T15:50:46","guid":{"rendered":"https:\/\/www.digitalizewallonie.be\/fr\/?post_type=activity&#038;p=28356"},"modified":"2024-01-23T10:47:04","modified_gmt":"2024-01-23T10:47:04","slug":"risque-informationnel-risque-organisationnel-integrer-la-gestion-de-linformation-dans-la-gestion-des-risques-de-lentreprise","status":"publish","type":"activity","link":"https:\/\/www.digitalizewallonie.be\/fr\/session\/risque-informationnel-risque-organisationnel-integrer-la-gestion-de-linformation-dans-la-gestion-des-risques-de-lentreprise\/","title":{"rendered":"Risque informationnel, risque organisationnel ? Int\u00e9grer la gestion de l&#8217;information dans la gestion des risques de l&#8217;entreprise"},"content":{"rendered":"\n<p>L&#8217;information est un actif essentiel des entreprises, quel que soit leur taille ou domaine d&#8217;activit\u00e9. Ces actifs sont aujourd&#8217;hui \u00e0 risque et menaces les activit\u00e9s quotidiennes des organisations. La conf\u00e9rence s&#8217;organisera autour de l&#8217;identification de ces actifs, l&#8217;\u00e9valuation des risques pour les organisations et des mesures concr\u00e8tes pour agir et minimiser ces risques.<\/p>\n","protected":false},"excerpt":{"rendered":"<p>L&#8217;information est un actif essentiel des entreprises, quel que soit leur taille ou domaine d&#8217;activit\u00e9. Ces actifs sont aujourd&#8217;hui \u00e0 risque et menaces les activit\u00e9s quotidiennes des organisations. La conf\u00e9rence s&#8217;organisera autour de l&#8217;identification de ces actifs, l&#8217;\u00e9valuation des risques pour les organisations et des mesures concr\u00e8tes pour agir et minimiser ces risques.<\/p>\n","protected":false},"featured_media":0,"template":"","meta":{"_seopress_robots_primary_cat":"","_seopress_titles_title":"","_seopress_titles_desc":"","_seopress_robots_index":"","_activity_time_start":"15:00","_activity_time_end":"15:45","_activity_date":"2024-01-31","_activity_price":"0","footnotes":""},"edition":[],"location":[45],"track":[385,383],"activity_type":[386],"class_list":["post-28356","activity","type-activity","status-publish","hentry","location-main-stage","track-it-cybersecurite","track-operations-logistique","activity_type-keynote"],"_guests":[],"_sponsors":[],"_cover_image":null,"_links":{"self":[{"href":"https:\/\/www.digitalizewallonie.be\/fr\/wp-json\/wp\/v2\/activity\/28356","targetHints":{"allow":["GET"]}}],"collection":[{"href":"https:\/\/www.digitalizewallonie.be\/fr\/wp-json\/wp\/v2\/activity"}],"about":[{"href":"https:\/\/www.digitalizewallonie.be\/fr\/wp-json\/wp\/v2\/types\/activity"}],"version-history":[{"count":1,"href":"https:\/\/www.digitalizewallonie.be\/fr\/wp-json\/wp\/v2\/activity\/28356\/revisions"}],"predecessor-version":[{"id":28358,"href":"https:\/\/www.digitalizewallonie.be\/fr\/wp-json\/wp\/v2\/activity\/28356\/revisions\/28358"}],"wp:attachment":[{"href":"https:\/\/www.digitalizewallonie.be\/fr\/wp-json\/wp\/v2\/media?parent=28356"}],"wp:term":[{"taxonomy":"edition","embeddable":true,"href":"https:\/\/www.digitalizewallonie.be\/fr\/wp-json\/wp\/v2\/edition?post=28356"},{"taxonomy":"location","embeddable":true,"href":"https:\/\/www.digitalizewallonie.be\/fr\/wp-json\/wp\/v2\/location?post=28356"},{"taxonomy":"track","embeddable":true,"href":"https:\/\/www.digitalizewallonie.be\/fr\/wp-json\/wp\/v2\/track?post=28356"},{"taxonomy":"activity_type","embeddable":true,"href":"https:\/\/www.digitalizewallonie.be\/fr\/wp-json\/wp\/v2\/activity_type?post=28356"}],"curies":[{"name":"wp","href":"https:\/\/api.w.org\/{rel}","templated":true}]}}

Risque informationnel, risque organisationnel ? Intégrer la gestion de l&#8217;information dans la gestion des risques de l&#8217;entreprise

<p>L&#8217;information est un actif essentiel des entreprises, quel que soit leur taille ou domaine d&#8217;activité. Ces actifs sont aujourd&#8217;hui à risque et menaces les activités quotidiennes des organisations. La conférence s&#8217;organisera autour de l&#8217;identification de ces actifs, l&#8217;évaluation des risques pour les organisations et des mesures concrètes pour agir et minimiser ces risques.</p>
