{"id":35096,"date":"2024-10-29T15:39:09","date_gmt":"2024-10-29T14:39:09","guid":{"rendered":"https:\/\/www.digitalizewallonie.be\/fr\/?post_type=activity&#038;p=35096"},"modified":"2025-01-08T12:09:54","modified_gmt":"2025-01-08T11:09:54","slug":"afterwork-panel-par-cercle-de-wallonie","status":"publish","type":"activity","link":"https:\/\/www.digitalizewallonie.be\/fr\/session\/afterwork-panel-par-cercle-de-wallonie\/","title":{"rendered":"Afterwork panel par Cercle de Wallonie : Innover, r\u00e9inventer, r\u00e9ussir \u2013 La transformation digitale en pratique"},"content":{"rendered":"\n<p>Dans un monde en perp\u00e9tuelle mutation, la transformation digitale est bien plus qu\u2019une n\u00e9cessit\u00e9 : elle est une opportunit\u00e9 de r\u00e9invention. Mais comment franchir le cap, d\u00e9passer les d\u00e9fis et concr\u00e9tiser une vision num\u00e9rique ambitieuse ?<\/p>\n\n\n\n<p><strong>Rejoignez-nous pour un \u00e9v\u00e9nement inspirant organis\u00e9 en collaboration avec le Cercle de Wallonie-Bruxelles&nbsp;!<\/strong> Des entrepreneurs de renom partageront leur exp\u00e9rience et leurs apprentissages. Vous d\u00e9couvrirez comment ils ont transform\u00e9 leurs entreprises gr\u00e2ce aux outils num\u00e9riques, surmontant obstacles et r\u00e9sistances pour atteindre des r\u00e9sultats tangibles.<\/p>\n\n\n\n<p><strong>Au programme : Des t\u00e9moignages riches et concrets<\/strong><\/p>\n\n\n\n<p>Plongez au c\u0153ur des r\u00e9cits d\u2019entrepreneurs ayant os\u00e9 le changement :<\/p>\n\n\n\n<ul class=\"wp-block-list\">\n<li><strong>Paul de Sauvage \u2013 CEO du groupe Actibel<\/strong><\/li>\n\n\n\n<li><strong>J\u00e9r\u00f4me Paquot \u2013 Head of IT, Marketing &amp; Innovation chez XLG<\/strong><\/li>\n\n\n\n<li><strong>Lisa Lombardi&nbsp;&#8211; <\/strong><strong>Tech Business Relations &amp; Women in Tech &amp; DEI Ambassador&nbsp;<\/strong><\/li>\n<\/ul>\n\n\n\n<p>Ce panel sera anim\u00e9 par <strong>Ga\u00eble Poncelet<\/strong>, journaliste chez Canal Z. Celui-ci mettra en lumi\u00e8re :<\/p>\n\n\n\n<ul class=\"wp-block-list\">\n<li>Les \u00e9tapes concr\u00e8tes et essentielles pour r\u00e9ussir une transformation num\u00e9rique,<\/li>\n\n\n\n<li>Les obstacles rencontr\u00e9s et les strat\u00e9gies pour les surmonter,<\/li>\n\n\n\n<li>Les r\u00e9sultats mesurables obtenus gr\u00e2ce au num\u00e9rique et leurs impacts sur les organisations.<\/li>\n<\/ul>\n\n\n\n<p>Au-del\u00e0 des r\u00e9cits captivants, cet \u00e9change sera l\u2019occasion pour vous de <strong>vous inspirer directement des exp\u00e9riences des intervenants<\/strong> et d\u2019identifier des pistes d\u2019action pour vos propres projets.<\/p>\n\n\n\n<p><strong>Un afterwork convivial pour prolonger les \u00e9changes<\/strong><\/p>\n\n\n\n<p>Apr\u00e8s le panel, prolongez la soir\u00e9e dans une ambiance d\u00e9tendue et conviviale avec un <strong>grand afterwork<\/strong>. Ce sera l\u2019opportunit\u00e9 id\u00e9ale pour \u00e9changer avec les intervenants, nouer des contacts professionnels et partager vos impressions autour d\u2019un verre de bulles et de zakouskis offerts par Digitalize.<\/p>\n\n\n\n<p><strong>Ne manquez pas cet \u00e9v\u00e9nement incontournable pour vous inspirer et vous connecter avec des experts de la transformation digitale.<\/strong><\/p>\n","protected":false},"excerpt":{"rendered":"<p>Dans un monde en perp\u00e9tuelle mutation, la transformation digitale est bien plus qu\u2019une n\u00e9cessit\u00e9 : elle est une opportunit\u00e9 de r\u00e9invention. Mais comment franchir le cap, d\u00e9passer les d\u00e9fis et concr\u00e9tiser une vision num\u00e9rique ambitieuse ? Rejoignez-nous pour un \u00e9v\u00e9nement inspirant organis\u00e9 en collaboration avec le Cercle de Wallonie-Bruxelles&nbsp;! Des entrepreneurs de renom partageront leur [&hellip;]<\/p>\n","protected":false},"featured_media":0,"template":"","meta":{"_seopress_robots_primary_cat":"","_seopress_titles_title":"","_seopress_titles_desc":"","_seopress_robots_index":"","_activity_time_start":"16:30","_activity_time_end":"17:30","_activity_date":"2025-01-16","_activity_price":"0","footnotes":""},"edition":[394],"location":[45],"track":[380],"activity_type":[388],"class_list":["post-35096","activity","type-activity","status-publish","hentry","edition-digitalize-namur-2025","location-main-stage","track-general","activity_type-panel"],"_guests":[{"href":"https:\/\/www.digitalizewallonie.be\/fr\/wp-json\/wp\/v2\/guest\/36636"},{"href":"https:\/\/www.digitalizewallonie.be\/fr\/wp-json\/wp\/v2\/guest\/36632"},{"href":"https:\/\/www.digitalizewallonie.be\/fr\/wp-json\/wp\/v2\/guest\/36627"}],"_sponsors":[],"_cover_image":null,"_links":{"self":[{"href":"https:\/\/www.digitalizewallonie.be\/fr\/wp-json\/wp\/v2\/activity\/35096","targetHints":{"allow":["GET"]}}],"collection":[{"href":"https:\/\/www.digitalizewallonie.be\/fr\/wp-json\/wp\/v2\/activity"}],"about":[{"href":"https:\/\/www.digitalizewallonie.be\/fr\/wp-json\/wp\/v2\/types\/activity"}],"version-history":[{"count":4,"href":"https:\/\/www.digitalizewallonie.be\/fr\/wp-json\/wp\/v2\/activity\/35096\/revisions"}],"predecessor-version":[{"id":38811,"href":"https:\/\/www.digitalizewallonie.be\/fr\/wp-json\/wp\/v2\/activity\/35096\/revisions\/38811"}],"wp:attachment":[{"href":"https:\/\/www.digitalizewallonie.be\/fr\/wp-json\/wp\/v2\/media?parent=35096"}],"wp:term":[{"taxonomy":"edition","embeddable":true,"href":"https:\/\/www.digitalizewallonie.be\/fr\/wp-json\/wp\/v2\/edition?post=35096"},{"taxonomy":"location","embeddable":true,"href":"https:\/\/www.digitalizewallonie.be\/fr\/wp-json\/wp\/v2\/location?post=35096"},{"taxonomy":"track","embeddable":true,"href":"https:\/\/www.digitalizewallonie.be\/fr\/wp-json\/wp\/v2\/track?post=35096"},{"taxonomy":"activity_type","embeddable":true,"href":"https:\/\/www.digitalizewallonie.be\/fr\/wp-json\/wp\/v2\/activity_type?post=35096"}],"curies":[{"name":"wp","href":"https:\/\/api.w.org\/{rel}","templated":true}]}}

Afterwork panel par Cercle de Wallonie : Innover, réinventer, réussir – La transformation digitale en pratique

<p>Dans un monde en perpétuelle mutation, la transformation digitale est bien plus qu’une nécessité : elle est une opportunité de réinvention. Mais comment franchir le cap, dépasser les défis et concrétiser une vision numérique ambitieuse ?</p>



<p><strong>Rejoignez-nous pour un événement inspirant organisé en collaboration avec le Cercle de Wallonie-Bruxelles&nbsp;!</strong> Des entrepreneurs de renom partageront leur expérience et leurs apprentissages. Vous découvrirez comment ils ont transformé leurs entreprises grâce aux outils numériques, surmontant obstacles et résistances pour atteindre des résultats tangibles.</p>



<p><strong>Au programme : Des témoignages riches et concrets</strong></p>



<p>Plongez au cœur des récits d’entrepreneurs ayant osé le changement :</p>



<ul class="wp-block-list">
<li><strong>Paul de Sauvage – CEO du groupe Actibel</strong></li>



<li><strong>Jérôme Paquot – Head of IT, Marketing &amp; Innovation chez XLG</strong></li>



<li><strong>Lisa Lombardi&nbsp;&#8211; </strong><strong>Tech Business Relations &amp; Women in Tech &amp; DEI Ambassador&nbsp;</strong></li>
</ul>



<p>Ce panel sera animé par <strong>Gaële Poncelet</strong>, journaliste chez Canal Z. Celui-ci mettra en lumière :</p>



<ul class="wp-block-list">
<li>Les étapes concrètes et essentielles pour réussir une transformation numérique,</li>



<li>Les obstacles rencontrés et les stratégies pour les surmonter,</li>



<li>Les résultats mesurables obtenus grâce au numérique et leurs impacts sur les organisations.</li>
</ul>



<p>Au-delà des récits captivants, cet échange sera l’occasion pour vous de <strong>vous inspirer directement des expériences des intervenants</strong> et d’identifier des pistes d’action pour vos propres projets.</p>



<p><strong>Un afterwork convivial pour prolonger les échanges</strong></p>



<p>Après le panel, prolongez la soirée dans une ambiance détendue et conviviale avec un <strong>grand afterwork</strong>. Ce sera l’opportunité idéale pour échanger avec les intervenants, nouer des contacts professionnels et partager vos impressions autour d’un verre de bulles et de zakouskis offerts par Digitalize.</p>



<p><strong>Ne manquez pas cet événement incontournable pour vous inspirer et vous connecter avec des experts de la transformation digitale.</strong></p>

<p>Dans un monde en perpétuelle mutation, la transformation digitale est bien plus qu’une nécessité : elle est une opportunité de réinvention. Mais comment franchir le cap, dépasser les défis et concrétiser une vision numérique ambitieuse ? Rejoignez-nous pour un événement inspirant organisé en collaboration avec le Cercle de Wallonie-Bruxelles&nbsp;! Des entrepreneurs de renom partageront leur [&hellip;]</p>
