{"id":5404,"date":"2022-01-25T09:13:59","date_gmt":"2022-01-25T09:13:59","guid":{"rendered":"https:\/\/www.digitalizewallonie.be\/fr\/?post_type=activity&#038;p=5404"},"modified":"2022-02-21T11:08:09","modified_gmt":"2022-02-21T11:08:09","slug":"levier-de-relance-pour-votre-entreprise","status":"publish","type":"activity","link":"https:\/\/www.digitalizewallonie.be\/fr\/session\/levier-de-relance-pour-votre-entreprise\/","title":{"rendered":"Boostez vos comp\u00e9tences dans un monde digital"},"content":{"rendered":"<p>Une culture d\u2019apprentissage solide constitue un levier qui permet \u00e0 votre entreprise de prosp\u00e9rer ou de reprendre un \u00e9lan en cette p\u00e9riode \u00e9conomique difficile. La capacit\u00e9 \u00e0 se former en permanence est la plus pr\u00e9cieuse des comp\u00e9tences pour pouvoir s\u2019adapter aux enjeux nouveaux, tel que la transformation digitale. La formation permet d\u2019\u00eatre plus efficace, de s\u2019\u00e9panouir au travail, d\u2019am\u00e9liorer son bien-\u00eatre, de d\u00e9couvrir de nouvelles r\u00e9alit\u00e9s, et bien plus encore\u2026<\/p>\n","protected":false},"excerpt":{"rendered":"<p>Une culture d\u2019apprentissage solide constitue un levier qui permet \u00e0 votre entreprise de prosp\u00e9rer ou de reprendre un \u00e9lan en cette p\u00e9riode \u00e9conomique difficile. La capacit\u00e9 \u00e0 se former en permanence est la plus pr\u00e9cieuse des comp\u00e9tences pour pouvoir s\u2019adapter aux enjeux nouveaux, tel que la transformation digitale. La formation permet d\u2019\u00eatre plus efficace, de [&hellip;]<\/p>\n","protected":false},"featured_media":0,"template":"","meta":{"_seopress_robots_primary_cat":"","_seopress_titles_title":"","_seopress_titles_desc":"Levier de relance pour votre entreprise ? \u2713 Rendez-vous \u00e0 Digitalize Namur \u2713 10 &amp; 11 mars \u2713 Namur Expo \u2713 Entr\u00e9e gratuite","_seopress_robots_index":"","_activity_time_start":"16:00","_activity_time_end":"17:00","_activity_date":"2022-03-10","_activity_price":"0","footnotes":""},"edition":[],"location":[48],"track":[],"activity_type":[],"class_list":["post-5404","activity","type-activity","status-publish","hentry","location-workshops-ia"],"_guests":[],"_sponsors":[],"_cover_image":null,"_links":{"self":[{"href":"https:\/\/www.digitalizewallonie.be\/fr\/wp-json\/wp\/v2\/activity\/5404","targetHints":{"allow":["GET"]}}],"collection":[{"href":"https:\/\/www.digitalizewallonie.be\/fr\/wp-json\/wp\/v2\/activity"}],"about":[{"href":"https:\/\/www.digitalizewallonie.be\/fr\/wp-json\/wp\/v2\/types\/activity"}],"version-history":[{"count":2,"href":"https:\/\/www.digitalizewallonie.be\/fr\/wp-json\/wp\/v2\/activity\/5404\/revisions"}],"predecessor-version":[{"id":7598,"href":"https:\/\/www.digitalizewallonie.be\/fr\/wp-json\/wp\/v2\/activity\/5404\/revisions\/7598"}],"wp:attachment":[{"href":"https:\/\/www.digitalizewallonie.be\/fr\/wp-json\/wp\/v2\/media?parent=5404"}],"wp:term":[{"taxonomy":"edition","embeddable":true,"href":"https:\/\/www.digitalizewallonie.be\/fr\/wp-json\/wp\/v2\/edition?post=5404"},{"taxonomy":"location","embeddable":true,"href":"https:\/\/www.digitalizewallonie.be\/fr\/wp-json\/wp\/v2\/location?post=5404"},{"taxonomy":"track","embeddable":true,"href":"https:\/\/www.digitalizewallonie.be\/fr\/wp-json\/wp\/v2\/track?post=5404"},{"taxonomy":"activity_type","embeddable":true,"href":"https:\/\/www.digitalizewallonie.be\/fr\/wp-json\/wp\/v2\/activity_type?post=5404"}],"curies":[{"name":"wp","href":"https:\/\/api.w.org\/{rel}","templated":true}]}}

Boostez vos compétences dans un monde digital

<p>Une culture d’apprentissage solide constitue un levier qui permet à votre entreprise de prospérer ou de reprendre un élan en cette période économique difficile. La capacité à se former en permanence est la plus précieuse des compétences pour pouvoir s’adapter aux enjeux nouveaux, tel que la transformation digitale. La formation permet d’être plus efficace, de s’épanouir au travail, d’améliorer son bien-être, de découvrir de nouvelles réalités, et bien plus encore…</p>

<p>Une culture d’apprentissage solide constitue un levier qui permet à votre entreprise de prospérer ou de reprendre un élan en cette période économique difficile. La capacité à se former en permanence est la plus précieuse des compétences pour pouvoir s’adapter aux enjeux nouveaux, tel que la transformation digitale. La formation permet d’être plus efficace, de [&hellip;]</p>

Levier de relance pour votre entreprise ? ✓ Rendez-vous à Digitalize Namur ✓ 10 &amp; 11 mars ✓ Namur Expo ✓ Entrée gratuite
