{"id":8041,"date":"2022-02-28T12:44:20","date_gmt":"2022-02-28T12:44:20","guid":{"rendered":"https:\/\/www.digitalizewallonie.be\/fr\/?post_type=activity&#038;p=8041"},"modified":"2022-02-28T12:44:27","modified_gmt":"2022-02-28T12:44:27","slug":"le-travail-hybride-quavons-nous-appris-et-comment-microsoft-lapplique-en-belgique","status":"publish","type":"activity","link":"https:\/\/www.digitalizewallonie.be\/fr\/session\/le-travail-hybride-quavons-nous-appris-et-comment-microsoft-lapplique-en-belgique\/","title":{"rendered":"Le travail hybride: qu\u2019avons-nous appris ? Et comment Microsoft l\u2019applique en Belgique"},"content":{"rendered":"<p>A travers le monde, les employ\u00e9es travaillent diff\u00e9remment depuis plus de deux ans. Quels \u00e9volutions, positifs et n\u00e9gatifs voyons-nous. Patrick partagera aussi des suggestions pratiques pour s\u2019organiser, applicables aussi aux PME\u2019s en Belgique. La pr\u00e9sentation finira avec quelques conseils de s\u00e9curit\u00e9 informatique, malheureusement n\u00e9cessaires aussi.<\/p>\n","protected":false},"excerpt":{"rendered":"<p>A travers le monde, les employ\u00e9es travaillent diff\u00e9remment depuis plus de deux ans. Quels \u00e9volutions, positifs et n\u00e9gatifs voyons-nous. Patrick partagera aussi des suggestions pratiques pour s\u2019organiser, applicables aussi aux PME\u2019s en Belgique. La pr\u00e9sentation finira avec quelques conseils de s\u00e9curit\u00e9 informatique, malheureusement n\u00e9cessaires aussi.<\/p>\n","protected":false},"featured_media":0,"template":"","meta":{"_seopress_robots_primary_cat":"","_seopress_titles_title":"","_seopress_titles_desc":"","_seopress_robots_index":"","_activity_time_start":"11:30","_activity_time_end":"12:30","_activity_date":"2022-03-11","_activity_price":"0","footnotes":""},"edition":[],"location":[47],"track":[],"activity_type":[],"class_list":["post-8041","activity","type-activity","status-publish","hentry","location-success-stories-stage"],"_guests":[],"_sponsors":[],"_cover_image":null,"_links":{"self":[{"href":"https:\/\/www.digitalizewallonie.be\/fr\/wp-json\/wp\/v2\/activity\/8041","targetHints":{"allow":["GET"]}}],"collection":[{"href":"https:\/\/www.digitalizewallonie.be\/fr\/wp-json\/wp\/v2\/activity"}],"about":[{"href":"https:\/\/www.digitalizewallonie.be\/fr\/wp-json\/wp\/v2\/types\/activity"}],"version-history":[{"count":1,"href":"https:\/\/www.digitalizewallonie.be\/fr\/wp-json\/wp\/v2\/activity\/8041\/revisions"}],"predecessor-version":[{"id":8043,"href":"https:\/\/www.digitalizewallonie.be\/fr\/wp-json\/wp\/v2\/activity\/8041\/revisions\/8043"}],"wp:attachment":[{"href":"https:\/\/www.digitalizewallonie.be\/fr\/wp-json\/wp\/v2\/media?parent=8041"}],"wp:term":[{"taxonomy":"edition","embeddable":true,"href":"https:\/\/www.digitalizewallonie.be\/fr\/wp-json\/wp\/v2\/edition?post=8041"},{"taxonomy":"location","embeddable":true,"href":"https:\/\/www.digitalizewallonie.be\/fr\/wp-json\/wp\/v2\/location?post=8041"},{"taxonomy":"track","embeddable":true,"href":"https:\/\/www.digitalizewallonie.be\/fr\/wp-json\/wp\/v2\/track?post=8041"},{"taxonomy":"activity_type","embeddable":true,"href":"https:\/\/www.digitalizewallonie.be\/fr\/wp-json\/wp\/v2\/activity_type?post=8041"}],"curies":[{"name":"wp","href":"https:\/\/api.w.org\/{rel}","templated":true}]}}

<p>A travers le monde, les employées travaillent différemment depuis plus de deux ans. Quels évolutions, positifs et négatifs voyons-nous. Patrick partagera aussi des suggestions pratiques pour s’organiser, applicables aussi aux PME’s en Belgique. La présentation finira avec quelques conseils de sécurité informatique, malheureusement nécessaires aussi.</p>
