{"id":37563,"date":"2025-01-03T15:07:54","date_gmt":"2025-01-03T14:07:54","guid":{"rendered":"https:\/\/www.digitalizewallonie.be\/exhibitor\/bivteam\/"},"modified":"2026-02-26T14:23:07","modified_gmt":"2026-02-26T13:23:07","slug":"bivteam","status":"publish","type":"exhibitor","link":"https:\/\/www.digitalizewallonie.be\/fr\/exhibitor\/bivteam\/","title":{"rendered":"BIVteam"},"content":{"rendered":"<p>Optez pour la digitalisation qui vous correspond !<\/p>\n<p>Depuis 40 ans, BIVteam vous accompagne dans votre transition num\u00e9rique avec des logiciels de gestion modulables, con\u00e7us pour r\u00e9pondre \u00e0 vos besoins uniques.<\/p>\n<p>Vous souhaitez optimiser vos achats, automatiser vos stocks ou piloter efficacement votre production ? Simplifier la gestion de vos ventes, organiser vos points de vente ou d\u00e9velopper votre plateforme web e-commerce ?<br \/>\nNous cr\u00e9ons les outils qui transforment vos d\u00e9fis en opportunit\u00e9s.<\/p>\n<p>Gr\u00e2ce \u00e0 un accompagnement personnalis\u00e9, nous rendons votre digitalisation simple, s\u00e9curis\u00e9e et parfaitement adapt\u00e9e \u00e0 vos ambitions. Votre quotidien est plus fluide, vos processus ma\u00eetris\u00e9s, et vous \u00eates pr\u00eat \u00e0 conqu\u00e9rir de nouveaux horizons.<\/p>\n<p>Vous avez un projet ? Parlons-en ! Contactez-nous au 071\/26.01.20 et construisons ensemble la solution id\u00e9ale pour votre activit\u00e9.<\/p>\n","protected":false},"excerpt":{"rendered":"<p>Optez pour la digitalisation qui vous correspond ! Depuis 40 ans, BIVteam vous accompagne dans votre transition num\u00e9rique avec des logiciels de gestion modulables, con\u00e7us pour r\u00e9pondre \u00e0 vos besoins uniques. Vous souhaitez optimiser vos achats, automatiser vos stocks ou piloter efficacement votre production ? Simplifier la gestion de vos ventes, organiser vos points de [&hellip;]<\/p>\n","protected":false},"featured_media":37693,"template":"","meta":{"_seopress_robots_primary_cat":"","_seopress_titles_title":"","_seopress_titles_desc":"","_seopress_robots_index":"","_api_id":"179070","_stand_number":"1516","_partner_id":"075tyxroyzfr2","_package_code":"00-EASY-EASYGO3-200","_website":"https:\/\/www.biv-team.com","_email":"ludivine@biv-team.com","_facebook":"","_linkedin":"https:\/\/www.linkedin.com\/company\/bivteam\/about\/","_twitter":"","_instagram":"","_zipcode":"5060","_town":"Tamines","_video_banner":"","_floorplan_url":"","footnotes":""},"edition":[394],"country":[81],"exhibitor-category":[407,413,406,405,401,404,398,397,415,403],"class_list":["post-37563","exhibitor","type-exhibitor","status-publish","has-post-thumbnail","hentry","edition-digitalize-namur-2025","country-be","exhibitor-category-creation-de-sites-e-commerce","exhibitor-category-creation-de-sites-vitrine","exhibitor-category-crm-20741","exhibitor-category-erp-20746","exhibitor-category-facturation-electronique","exhibitor-category-gestion-des-documents-20740","exhibitor-category-planning-operationnel-20761","exhibitor-category-software-comptable-20757","exhibitor-category-stockage-distribution-20755","exhibitor-category-supply-chain-20753"],"_logo":17372,"_cover_image":null,"_thumbnail_id":37693,"_products":[{"href":"https:\/\/www.digitalizewallonie.be\/fr\/wp-json\/wp\/v2\/products\/37571"},{"href":"https:\/\/www.digitalizewallonie.be\/fr\/wp-json\/wp\/v2\/products\/37572"},{"href":"https:\/\/www.digitalizewallonie.be\/fr\/wp-json\/wp\/v2\/products\/37564"},{"href":"https:\/\/www.digitalizewallonie.be\/fr\/wp-json\/wp\/v2\/products\/37565"},{"href":"https:\/\/www.digitalizewallonie.be\/fr\/wp-json\/wp\/v2\/products\/37566"},{"href":"https:\/\/www.digitalizewallonie.be\/fr\/wp-json\/wp\/v2\/products\/37567"},{"href":"https:\/\/www.digitalizewallonie.be\/fr\/wp-json\/wp\/v2\/products\/37569"},{"href":"https:\/\/www.digitalizewallonie.be\/fr\/wp-json\/wp\/v2\/products\/37570"}],"_news":[{"href":"https:\/\/www.digitalizewallonie.be\/fr\/wp-json\/wp\/v2\/news\/37575"},{"href":"https:\/\/www.digitalizewallonie.be\/fr\/wp-json\/wp\/v2\/news\/37573"},{"href":"https:\/\/www.digitalizewallonie.be\/fr\/wp-json\/wp\/v2\/news\/37574"}],"_jobs":[],"_links":{"self":[{"href":"https:\/\/www.digitalizewallonie.be\/fr\/wp-json\/wp\/v2\/exhibitor\/37563","targetHints":{"allow":["GET"]}}],"collection":[{"href":"https:\/\/www.digitalizewallonie.be\/fr\/wp-json\/wp\/v2\/exhibitor"}],"about":[{"href":"https:\/\/www.digitalizewallonie.be\/fr\/wp-json\/wp\/v2\/types\/exhibitor"}],"version-history":[{"count":2,"href":"https:\/\/www.digitalizewallonie.be\/fr\/wp-json\/wp\/v2\/exhibitor\/37563\/revisions"}],"predecessor-version":[{"id":39883,"href":"https:\/\/www.digitalizewallonie.be\/fr\/wp-json\/wp\/v2\/exhibitor\/37563\/revisions\/39883"}],"wp:featuredmedia":[{"embeddable":true,"href":"https:\/\/www.digitalizewallonie.be\/fr\/wp-json\/wp\/v2\/media\/37693"}],"wp:attachment":[{"href":"https:\/\/www.digitalizewallonie.be\/fr\/wp-json\/wp\/v2\/media?parent=37563"}],"wp:term":[{"taxonomy":"edition","embeddable":true,"href":"https:\/\/www.digitalizewallonie.be\/fr\/wp-json\/wp\/v2\/edition?post=37563"},{"taxonomy":"country","embeddable":true,"href":"https:\/\/www.digitalizewallonie.be\/fr\/wp-json\/wp\/v2\/country?post=37563"},{"taxonomy":"exhibitor-category","embeddable":true,"href":"https:\/\/www.digitalizewallonie.be\/fr\/wp-json\/wp\/v2\/exhibitor-category?post=37563"}],"curies":[{"name":"wp","href":"https:\/\/api.w.org\/{rel}","templated":true}]}}

<p>Optez pour la digitalisation qui vous correspond !</p>
<p>Depuis 40 ans, BIVteam vous accompagne dans votre transition numérique avec des logiciels de gestion modulables, conçus pour répondre à vos besoins uniques.</p>
<p>Vous souhaitez optimiser vos achats, automatiser vos stocks ou piloter efficacement votre production ? Simplifier la gestion de vos ventes, organiser vos points de vente ou développer votre plateforme web e-commerce ?<br />
Nous créons les outils qui transforment vos défis en opportunités.</p>
<p>Grâce à un accompagnement personnalisé, nous rendons votre digitalisation simple, sécurisée et parfaitement adaptée à vos ambitions. Votre quotidien est plus fluide, vos processus maîtrisés, et vous êtes prêt à conquérir de nouveaux horizons.</p>
<p>Vous avez un projet ? Parlons-en ! Contactez-nous au 071/26.01.20 et construisons ensemble la solution idéale pour votre activité.</p>

<p>Optez pour la digitalisation qui vous correspond ! Depuis 40 ans, BIVteam vous accompagne dans votre transition numérique avec des logiciels de gestion modulables, conçus pour répondre à vos besoins uniques. Vous souhaitez optimiser vos achats, automatiser vos stocks ou piloter efficacement votre production ? Simplifier la gestion de vos ventes, organiser vos points de [&hellip;]</p>
