{"id":37658,"date":"2025-01-03T15:08:23","date_gmt":"2025-01-03T14:08:23","guid":{"rendered":"https:\/\/www.digitalizewallonie.be\/exhibitor\/exquando\/"},"modified":"2025-01-09T11:53:53","modified_gmt":"2025-01-09T10:53:53","slug":"exquando","status":"publish","type":"exhibitor","link":"https:\/\/www.digitalizewallonie.be\/fr\/exhibitor\/exquando\/","title":{"rendered":"Exquando"},"content":{"rendered":"<p>Votre partenaire en mati\u00e8re de gestion et de gouvernance de l&#8217;information.<\/p>\n<p>Imaginez une organisation o\u00f9<br \/>\n&#8211; chacun sait dans quel syst\u00e8me il doit d\u00e9poser les documents et les donn\u00e9es qu&#8217;il g\u00e8re<br \/>\n&#8211; l&#8217;information est ordonn\u00e9e, compl\u00e8te, s\u00e9curis\u00e9e et \u00e0 jour<br \/>\n&#8211; chacun sait comment et o\u00f9 trouver l&#8217;information dont il a besoin.<\/p>\n<p>Exquando vous aide \u00e0 devenir cette organisation.<\/p>\n","protected":false},"excerpt":{"rendered":"<p>Votre partenaire en mati\u00e8re de gestion et de gouvernance de l&#8217;information. Imaginez une organisation o\u00f9 &#8211; chacun sait dans quel syst\u00e8me il doit d\u00e9poser les documents et les donn\u00e9es qu&#8217;il g\u00e8re &#8211; l&#8217;information est ordonn\u00e9e, compl\u00e8te, s\u00e9curis\u00e9e et \u00e0 jour &#8211; chacun sait comment et o\u00f9 trouver l&#8217;information dont il a besoin. Exquando vous aide [&hellip;]<\/p>\n","protected":false},"featured_media":0,"template":"","meta":{"_seopress_robots_primary_cat":"","_seopress_titles_title":"","_seopress_titles_desc":"","_seopress_robots_index":"","_api_id":"192154","_stand_number":"1406","_partner_id":"08021l9hxmfxk","_package_code":"00-EASY-EASYGO3-200","_website":"https:\/\/www.exquando.be\/fr\/","_email":"helene.sauliere@exquando.com","_facebook":"","_linkedin":"https:\/\/www.linkedin.com\/company\/exquando-the-infosystem-agency","_twitter":"","_instagram":"","_zipcode":"1300","_town":"Wavre","_video_banner":"","_floorplan_url":"","footnotes":""},"edition":[394],"country":[81],"exhibitor-category":[404],"class_list":["post-37658","exhibitor","type-exhibitor","status-publish","hentry","edition-digitalize-namur-2025","country-be","exhibitor-category-gestion-des-documents-20740"],"_logo":37268,"_cover_image":null,"_thumbnail_id":null,"_products":[{"href":"https:\/\/www.digitalizewallonie.be\/fr\/wp-json\/wp\/v2\/products\/38843"},{"href":"https:\/\/www.digitalizewallonie.be\/fr\/wp-json\/wp\/v2\/products\/38834"},{"href":"https:\/\/www.digitalizewallonie.be\/fr\/wp-json\/wp\/v2\/products\/38765"}],"_news":[{"href":"https:\/\/www.digitalizewallonie.be\/fr\/wp-json\/wp\/v2\/news\/38759"},{"href":"https:\/\/www.digitalizewallonie.be\/fr\/wp-json\/wp\/v2\/news\/37659"}],"_jobs":[{"href":"https:\/\/www.digitalizewallonie.be\/fr\/wp-json\/wp\/v2\/job\/37660"},{"href":"https:\/\/www.digitalizewallonie.be\/fr\/wp-json\/wp\/v2\/job\/37661"}],"_links":{"self":[{"href":"https:\/\/www.digitalizewallonie.be\/fr\/wp-json\/wp\/v2\/exhibitor\/37658","targetHints":{"allow":["GET"]}}],"collection":[{"href":"https:\/\/www.digitalizewallonie.be\/fr\/wp-json\/wp\/v2\/exhibitor"}],"about":[{"href":"https:\/\/www.digitalizewallonie.be\/fr\/wp-json\/wp\/v2\/types\/exhibitor"}],"version-history":[{"count":1,"href":"https:\/\/www.digitalizewallonie.be\/fr\/wp-json\/wp\/v2\/exhibitor\/37658\/revisions"}],"predecessor-version":[{"id":38416,"href":"https:\/\/www.digitalizewallonie.be\/fr\/wp-json\/wp\/v2\/exhibitor\/37658\/revisions\/38416"}],"wp:attachment":[{"href":"https:\/\/www.digitalizewallonie.be\/fr\/wp-json\/wp\/v2\/media?parent=37658"}],"wp:term":[{"taxonomy":"edition","embeddable":true,"href":"https:\/\/www.digitalizewallonie.be\/fr\/wp-json\/wp\/v2\/edition?post=37658"},{"taxonomy":"country","embeddable":true,"href":"https:\/\/www.digitalizewallonie.be\/fr\/wp-json\/wp\/v2\/country?post=37658"},{"taxonomy":"exhibitor-category","embeddable":true,"href":"https:\/\/www.digitalizewallonie.be\/fr\/wp-json\/wp\/v2\/exhibitor-category?post=37658"}],"curies":[{"name":"wp","href":"https:\/\/api.w.org\/{rel}","templated":true}]}}

<p>Votre partenaire en matière de gestion et de gouvernance de l&#8217;information.</p>
<p>Imaginez une organisation où<br />
&#8211; chacun sait dans quel système il doit déposer les documents et les données qu&#8217;il gère<br />
&#8211; l&#8217;information est ordonnée, complète, sécurisée et à jour<br />
&#8211; chacun sait comment et où trouver l&#8217;information dont il a besoin.</p>
<p>Exquando vous aide à devenir cette organisation.</p>

<p>Votre partenaire en matière de gestion et de gouvernance de l&#8217;information. Imaginez une organisation où &#8211; chacun sait dans quel système il doit déposer les documents et les données qu&#8217;il gère &#8211; l&#8217;information est ordonnée, complète, sécurisée et à jour &#8211; chacun sait comment et où trouver l&#8217;information dont il a besoin. Exquando vous aide [&hellip;]</p>
