{"id":37951,"date":"2025-01-03T15:09:38","date_gmt":"2025-01-03T14:09:38","guid":{"rendered":"https:\/\/www.digitalizewallonie.be\/exhibitor\/v-infra-europe\/"},"modified":"2025-01-22T15:31:59","modified_gmt":"2025-01-22T14:31:59","slug":"v-infra-europe","status":"publish","type":"exhibitor","link":"https:\/\/www.digitalizewallonie.be\/fr\/exhibitor\/v-infra-europe\/","title":{"rendered":"v-Infra Europe"},"content":{"rendered":"<p>v-Infra Europe a \u00e9t\u00e9 cr\u00e9\u00e9e en 2015 avec un objectif principal : offrir une expertise \u00e0 haute valeur ajout\u00e9e dans le domaine des technologies Cloud, et plus particuli\u00e8rement dans les solutions VDI et Modern Workspace.<\/p>\n<p>Avec About-IT, notre partenaire Cybersecurit\u00e9, et ITakeCare, sp\u00e9cialiste du leasing de mat\u00e9riel reconditionn\u00e9, nous proposons une offre compl\u00e8te int\u00e9grant, les avantages d&#8217;un VDI h\u00e9berg\u00e9 dans le Cloud, la r\u00e9duction de leur empreinte carbone, et la s\u00e9curit\u00e9 de vos donn\u00e9es et de leur r\u00e9putation.<\/p>\n","protected":false},"excerpt":{"rendered":"<p>v-Infra Europe a \u00e9t\u00e9 cr\u00e9\u00e9e en 2015 avec un objectif principal : offrir une expertise \u00e0 haute valeur ajout\u00e9e dans le domaine des technologies Cloud, et plus particuli\u00e8rement dans les solutions VDI et Modern Workspace. Avec About-IT, notre partenaire Cybersecurit\u00e9, et ITakeCare, sp\u00e9cialiste du leasing de mat\u00e9riel reconditionn\u00e9, nous proposons une offre compl\u00e8te int\u00e9grant, les [&hellip;]<\/p>\n","protected":false},"featured_media":39071,"template":"","meta":{"_seopress_robots_primary_cat":"","_seopress_titles_title":"","_seopress_titles_desc":"","_seopress_robots_index":"","_api_id":"200973","_stand_number":"1310","_partner_id":"0b80az1sj8kew","_package_code":"00-EASY-EASYGO3-200","_website":"https:\/\/www.v-infra.be","_email":"thibaud.varrasse@v-infra.be","_facebook":"","_linkedin":"","_twitter":"","_instagram":"","_zipcode":"7500","_town":"Tournai","_video_banner":"","_floorplan_url":"","footnotes":""},"edition":[394],"country":[81],"exhibitor-category":[396,399,417],"class_list":["post-37951","exhibitor","type-exhibitor","status-publish","has-post-thumbnail","hentry","edition-digitalize-namur-2025","country-be","exhibitor-category-cloud-hebergement-20744","exhibitor-category-cybersecurite-20745","exhibitor-category-hardware-20756"],"_logo":39070,"_cover_image":null,"_thumbnail_id":39071,"_products":[],"_news":[],"_jobs":[],"_links":{"self":[{"href":"https:\/\/www.digitalizewallonie.be\/fr\/wp-json\/wp\/v2\/exhibitor\/37951","targetHints":{"allow":["GET"]}}],"collection":[{"href":"https:\/\/www.digitalizewallonie.be\/fr\/wp-json\/wp\/v2\/exhibitor"}],"about":[{"href":"https:\/\/www.digitalizewallonie.be\/fr\/wp-json\/wp\/v2\/types\/exhibitor"}],"version-history":[{"count":2,"href":"https:\/\/www.digitalizewallonie.be\/fr\/wp-json\/wp\/v2\/exhibitor\/37951\/revisions"}],"predecessor-version":[{"id":39069,"href":"https:\/\/www.digitalizewallonie.be\/fr\/wp-json\/wp\/v2\/exhibitor\/37951\/revisions\/39069"}],"wp:featuredmedia":[{"embeddable":true,"href":"https:\/\/www.digitalizewallonie.be\/fr\/wp-json\/wp\/v2\/media\/39071"}],"wp:attachment":[{"href":"https:\/\/www.digitalizewallonie.be\/fr\/wp-json\/wp\/v2\/media?parent=37951"}],"wp:term":[{"taxonomy":"edition","embeddable":true,"href":"https:\/\/www.digitalizewallonie.be\/fr\/wp-json\/wp\/v2\/edition?post=37951"},{"taxonomy":"country","embeddable":true,"href":"https:\/\/www.digitalizewallonie.be\/fr\/wp-json\/wp\/v2\/country?post=37951"},{"taxonomy":"exhibitor-category","embeddable":true,"href":"https:\/\/www.digitalizewallonie.be\/fr\/wp-json\/wp\/v2\/exhibitor-category?post=37951"}],"curies":[{"name":"wp","href":"https:\/\/api.w.org\/{rel}","templated":true}]}}

<p>v-Infra Europe a été créée en 2015 avec un objectif principal : offrir une expertise à haute valeur ajoutée dans le domaine des technologies Cloud, et plus particulièrement dans les solutions VDI et Modern Workspace.</p>
<p>Avec About-IT, notre partenaire Cybersecurité, et ITakeCare, spécialiste du leasing de matériel reconditionné, nous proposons une offre complète intégrant, les avantages d&#8217;un VDI hébergé dans le Cloud, la réduction de leur empreinte carbone, et la sécurité de vos données et de leur réputation.</p>

<p>v-Infra Europe a été créée en 2015 avec un objectif principal : offrir une expertise à haute valeur ajoutée dans le domaine des technologies Cloud, et plus particulièrement dans les solutions VDI et Modern Workspace. Avec About-IT, notre partenaire Cybersecurité, et ITakeCare, spécialiste du leasing de matériel reconditionné, nous proposons une offre complète intégrant, les [&hellip;]</p>
