{"id":25144,"date":"2023-11-29T14:30:29","date_gmt":"2023-11-29T14:30:29","guid":{"rendered":"https:\/\/www.digitalizewallonie.be\/fr\/?post_type=guest&#038;p=25144"},"modified":"2025-01-10T09:52:51","modified_gmt":"2025-01-10T08:52:51","slug":"kevin-francoisse-ceo-co-fondateur-de-sagacify","status":"publish","type":"guest","link":"https:\/\/www.digitalizewallonie.be\/fr\/speaker\/kevin-francoisse-ceo-co-fondateur-de-sagacify\/","title":{"rendered":"Kevin Fran\u00e7oisse"},"content":{"rendered":"\n<p>Kevin Fran\u00e7oisse est CEO &amp; co-fondateur de Sagacify, soci\u00e9t\u00e9 sp\u00e9cialis\u00e9e en int\u00e9gration d&#8217;intelligence artificielle en entreprise. Leur mission : aider les personnes \u00e0 se focaliser sur ce qui compte, laissant les t\u00e2ches r\u00e9barbatives et r\u00e9p\u00e9titives aux solutions software intelligentes. Avant de cr\u00e9er Sagacify, Kevin Fran\u00e7oisse a d&#8217;abord r\u00e9alis\u00e9 des \u00e9tudes en informatique et fini par une th\u00e8se de doctorat en machine learning \u00e0 l&#8217;UCL. Il poursuit maintenant sa passion pour la technologie et l&#8217;apport de solutions \u00e0 forte valeurs ajout\u00e9e pour l&#8217;entreprise au travers de Sagacify.<\/p>\n","protected":false},"excerpt":{"rendered":"<p>Kevin Fran\u00e7oisse est CEO &amp; co-fondateur de Sagacify, soci\u00e9t\u00e9 sp\u00e9cialis\u00e9e en int\u00e9gration d&#8217;intelligence artificielle en entreprise. Leur mission : aider les personnes \u00e0 se focaliser sur ce qui compte, laissant les t\u00e2ches r\u00e9barbatives et r\u00e9p\u00e9titives aux solutions software intelligentes. Avant de cr\u00e9er Sagacify, Kevin Fran\u00e7oisse a d&#8217;abord r\u00e9alis\u00e9 des \u00e9tudes en informatique et fini par [&hellip;]<\/p>\n","protected":false},"featured_media":38892,"template":"","meta":{"_seopress_robots_primary_cat":"","_seopress_titles_title":"","_seopress_titles_desc":"","_seopress_robots_index":"","_company_name":"Sagacify","_job_title":"CEO & co-fondateur","_visit_me":"","_email":"","_linkedin":"","_twitter":"","_facebook":"","_instagram":"","_youtube":"","_imdb":"","footnotes":""},"edition":[394],"guest_type":[],"work":[],"class_list":["post-25144","guest","type-guest","status-publish","has-post-thumbnail","hentry","edition-digitalize-namur-2025"],"_cover_image":null,"_links":{"self":[{"href":"https:\/\/www.digitalizewallonie.be\/fr\/wp-json\/wp\/v2\/guest\/25144","targetHints":{"allow":["GET"]}}],"collection":[{"href":"https:\/\/www.digitalizewallonie.be\/fr\/wp-json\/wp\/v2\/guest"}],"about":[{"href":"https:\/\/www.digitalizewallonie.be\/fr\/wp-json\/wp\/v2\/types\/guest"}],"version-history":[{"count":3,"href":"https:\/\/www.digitalizewallonie.be\/fr\/wp-json\/wp\/v2\/guest\/25144\/revisions"}],"predecessor-version":[{"id":34859,"href":"https:\/\/www.digitalizewallonie.be\/fr\/wp-json\/wp\/v2\/guest\/25144\/revisions\/34859"}],"wp:featuredmedia":[{"embeddable":true,"href":"https:\/\/www.digitalizewallonie.be\/fr\/wp-json\/wp\/v2\/media\/38892"}],"wp:attachment":[{"href":"https:\/\/www.digitalizewallonie.be\/fr\/wp-json\/wp\/v2\/media?parent=25144"}],"wp:term":[{"taxonomy":"edition","embeddable":true,"href":"https:\/\/www.digitalizewallonie.be\/fr\/wp-json\/wp\/v2\/edition?post=25144"},{"taxonomy":"guest_type","embeddable":true,"href":"https:\/\/www.digitalizewallonie.be\/fr\/wp-json\/wp\/v2\/guest_type?post=25144"},{"taxonomy":"work","embeddable":true,"href":"https:\/\/www.digitalizewallonie.be\/fr\/wp-json\/wp\/v2\/work?post=25144"}],"curies":[{"name":"wp","href":"https:\/\/api.w.org\/{rel}","templated":true}]}}

Kevin Françoisse

<p>Kevin Françoisse est CEO &amp; co-fondateur de Sagacify, société spécialisée en intégration d&#8217;intelligence artificielle en entreprise. Leur mission : aider les personnes à se focaliser sur ce qui compte, laissant les tâches rébarbatives et répétitives aux solutions software intelligentes. Avant de créer Sagacify, Kevin Françoisse a d&#8217;abord réalisé des études en informatique et fini par une thèse de doctorat en machine learning à l&#8217;UCL. Il poursuit maintenant sa passion pour la technologie et l&#8217;apport de solutions à forte valeurs ajoutée pour l&#8217;entreprise au travers de Sagacify.</p>

<p>Kevin Françoisse est CEO &amp; co-fondateur de Sagacify, société spécialisée en intégration d&#8217;intelligence artificielle en entreprise. Leur mission : aider les personnes à se focaliser sur ce qui compte, laissant les tâches rébarbatives et répétitives aux solutions software intelligentes. Avant de créer Sagacify, Kevin Françoisse a d&#8217;abord réalisé des études en informatique et fini par [&hellip;]</p>
