{"id":37485,"date":"2025-01-02T10:16:48","date_gmt":"2025-01-02T09:16:48","guid":{"rendered":"https:\/\/www.digitalizewallonie.be\/fr\/?post_type=guest&#038;p=37485"},"modified":"2025-01-02T10:16:51","modified_gmt":"2025-01-02T09:16:51","slug":"mathieu-philippart-2","status":"publish","type":"guest","link":"https:\/\/www.digitalizewallonie.be\/fr\/speaker\/mathieu-philippart-2\/","title":{"rendered":"Mathieu Philippart"},"content":{"rendered":"\n<p>Mathieu Philippart, membre fondateur de Keiro (groupe Cronos), est un expert en intelligence artificielle et cloud, avec plus de 20 ans d&#8217;exp\u00e9rience en IT. Ancien CTO du groupe NRB, il a pilot\u00e9 des projets technologiques avanc\u00e9s comme le multi-cloud, le SASE, l&#8217;IoT et la 5G, en alignant innovation et strat\u00e9gie client. Visionnaire et pragmatique, il sait rendre l\u2019IA accessible et pertinente pour r\u00e9pondre aux d\u00e9fis concrets des entreprises. Passionn\u00e9 par le partage des connaissances, il inspire l&#8217;innovation et l&#8217;excellence, tant au sein de ses \u00e9quipes qu&#8217;\u00e0 travers ses interventions, offrant un \u00e9clairage pratique et strat\u00e9gique sur l\u2019IA et ses opportunit\u00e9s.<\/p>\n","protected":false},"excerpt":{"rendered":"<p>Mathieu Philippart, membre fondateur de Keiro (groupe Cronos), est un expert en intelligence artificielle et cloud, avec plus de 20 ans d&#8217;exp\u00e9rience en IT. Ancien CTO du groupe NRB, il a pilot\u00e9 des projets technologiques avanc\u00e9s comme le multi-cloud, le SASE, l&#8217;IoT et la 5G, en alignant innovation et strat\u00e9gie client. Visionnaire et pragmatique, il [&hellip;]<\/p>\n","protected":false},"featured_media":37490,"template":"","meta":{"_seopress_robots_primary_cat":"","_seopress_titles_title":"","_seopress_titles_desc":"","_seopress_robots_index":"","_company_name":"Keiro","_job_title":"Membre fondateur","_visit_me":"","_email":"","_linkedin":"","_twitter":"","_facebook":"","_instagram":"","_youtube":"","_imdb":"","footnotes":""},"edition":[394],"guest_type":[],"work":[],"class_list":["post-37485","guest","type-guest","status-publish","has-post-thumbnail","hentry","edition-digitalize-namur-2025"],"_cover_image":null,"_links":{"self":[{"href":"https:\/\/www.digitalizewallonie.be\/fr\/wp-json\/wp\/v2\/guest\/37485","targetHints":{"allow":["GET"]}}],"collection":[{"href":"https:\/\/www.digitalizewallonie.be\/fr\/wp-json\/wp\/v2\/guest"}],"about":[{"href":"https:\/\/www.digitalizewallonie.be\/fr\/wp-json\/wp\/v2\/types\/guest"}],"version-history":[{"count":1,"href":"https:\/\/www.digitalizewallonie.be\/fr\/wp-json\/wp\/v2\/guest\/37485\/revisions"}],"predecessor-version":[{"id":37492,"href":"https:\/\/www.digitalizewallonie.be\/fr\/wp-json\/wp\/v2\/guest\/37485\/revisions\/37492"}],"wp:featuredmedia":[{"embeddable":true,"href":"https:\/\/www.digitalizewallonie.be\/fr\/wp-json\/wp\/v2\/media\/37490"}],"wp:attachment":[{"href":"https:\/\/www.digitalizewallonie.be\/fr\/wp-json\/wp\/v2\/media?parent=37485"}],"wp:term":[{"taxonomy":"edition","embeddable":true,"href":"https:\/\/www.digitalizewallonie.be\/fr\/wp-json\/wp\/v2\/edition?post=37485"},{"taxonomy":"guest_type","embeddable":true,"href":"https:\/\/www.digitalizewallonie.be\/fr\/wp-json\/wp\/v2\/guest_type?post=37485"},{"taxonomy":"work","embeddable":true,"href":"https:\/\/www.digitalizewallonie.be\/fr\/wp-json\/wp\/v2\/work?post=37485"}],"curies":[{"name":"wp","href":"https:\/\/api.w.org\/{rel}","templated":true}]}}

<p>Mathieu Philippart, membre fondateur de Keiro (groupe Cronos), est un expert en intelligence artificielle et cloud, avec plus de 20 ans d&#8217;expérience en IT. Ancien CTO du groupe NRB, il a piloté des projets technologiques avancés comme le multi-cloud, le SASE, l&#8217;IoT et la 5G, en alignant innovation et stratégie client. Visionnaire et pragmatique, il sait rendre l’IA accessible et pertinente pour répondre aux défis concrets des entreprises. Passionné par le partage des connaissances, il inspire l&#8217;innovation et l&#8217;excellence, tant au sein de ses équipes qu&#8217;à travers ses interventions, offrant un éclairage pratique et stratégique sur l’IA et ses opportunités.</p>

<p>Mathieu Philippart, membre fondateur de Keiro (groupe Cronos), est un expert en intelligence artificielle et cloud, avec plus de 20 ans d&#8217;expérience en IT. Ancien CTO du groupe NRB, il a piloté des projets technologiques avancés comme le multi-cloud, le SASE, l&#8217;IoT et la 5G, en alignant innovation et stratégie client. Visionnaire et pragmatique, il [&hellip;]</p>
