{"id":37592,"date":"2025-01-03T15:08:02","date_gmt":"2025-01-03T14:08:02","guid":{"rendered":"https:\/\/www.digitalizewallonie.be\/products\/facture-electronique\/"},"modified":"2025-01-15T16:36:48","modified_gmt":"2025-01-15T15:36:48","slug":"facture-electronique","status":"publish","type":"products","link":"https:\/\/www.digitalizewallonie.be\/fr\/products\/facture-electronique\/","title":{"rendered":"Facture \u00e9lectronique"},"content":{"rendered":"<p>La Facture \u00e9lectrique d\u00e9barque en janvier 2026 en Belgique ! Pour toute entreprise, cela repr\u00e9sente un changement cons\u00e9quent et un besoin d&#8217;adapter ses habitudes rapidement.<br \/>\nChez Cegid, nous nous sommes pr\u00e9par\u00e9s \u00e0 ces gros changement et nous avons con\u00e7u<\/p>\n","protected":false},"excerpt":{"rendered":"<p>La Facture \u00e9lectrique d\u00e9barque en janvier 2026 en Belgique ! Pour toute entreprise, cela repr\u00e9sente un changement cons\u00e9quent et un besoin d&#8217;adapter ses habitudes rapidement. Chez Cegid, nous nous sommes pr\u00e9par\u00e9s \u00e0 ces gros changement et nous avons con\u00e7u<\/p>\n","protected":false},"featured_media":37807,"template":"","meta":{"_seopress_robots_primary_cat":"","_seopress_titles_title":"","_seopress_titles_desc":"","_seopress_robots_index":"","_api_id":"253723","_exhibitors":["37590"],"footnotes":""},"tags":[],"edition":[394],"product-category":[20],"class_list":["post-37592","products","type-products","status-publish","has-post-thumbnail","hentry","edition-digitalize-namur-2025","product-category-galerie-des-innovations"],"_links":{"self":[{"href":"https:\/\/www.digitalizewallonie.be\/fr\/wp-json\/wp\/v2\/products\/37592","targetHints":{"allow":["GET"]}}],"collection":[{"href":"https:\/\/www.digitalizewallonie.be\/fr\/wp-json\/wp\/v2\/products"}],"about":[{"href":"https:\/\/www.digitalizewallonie.be\/fr\/wp-json\/wp\/v2\/types\/products"}],"version-history":[{"count":1,"href":"https:\/\/www.digitalizewallonie.be\/fr\/wp-json\/wp\/v2\/products\/37592\/revisions"}],"predecessor-version":[{"id":38355,"href":"https:\/\/www.digitalizewallonie.be\/fr\/wp-json\/wp\/v2\/products\/37592\/revisions\/38355"}],"wp:featuredmedia":[{"embeddable":true,"href":"https:\/\/www.digitalizewallonie.be\/fr\/wp-json\/wp\/v2\/media\/37807"}],"wp:attachment":[{"href":"https:\/\/www.digitalizewallonie.be\/fr\/wp-json\/wp\/v2\/media?parent=37592"}],"wp:term":[{"taxonomy":"post_tag","embeddable":true,"href":"https:\/\/www.digitalizewallonie.be\/fr\/wp-json\/wp\/v2\/tags?post=37592"},{"taxonomy":"edition","embeddable":true,"href":"https:\/\/www.digitalizewallonie.be\/fr\/wp-json\/wp\/v2\/edition?post=37592"},{"taxonomy":"product-category","embeddable":true,"href":"https:\/\/www.digitalizewallonie.be\/fr\/wp-json\/wp\/v2\/product-category?post=37592"}],"curies":[{"name":"wp","href":"https:\/\/api.w.org\/{rel}","templated":true}]}}

Facture électronique

<p>La Facture électrique débarque en janvier 2026 en Belgique ! Pour toute entreprise, cela représente un changement conséquent et un besoin d&#8217;adapter ses habitudes rapidement.<br />
Chez Cegid, nous nous sommes préparés à ces gros changement et nous avons conçu</p>

<p>La Facture électrique débarque en janvier 2026 en Belgique ! Pour toute entreprise, cela représente un changement conséquent et un besoin d&#8217;adapter ses habitudes rapidement. Chez Cegid, nous nous sommes préparés à ces gros changement et nous avons conçu</p>
