{"id":37805,"date":"2025-01-03T15:09:02","date_gmt":"2025-01-03T14:09:02","guid":{"rendered":"https:\/\/www.digitalizewallonie.be\/products\/formation-en-ia-generative\/"},"modified":"2025-01-06T10:18:37","modified_gmt":"2025-01-06T09:18:37","slug":"formation-en-ia-generative","status":"publish","type":"products","link":"https:\/\/www.digitalizewallonie.be\/fr\/products\/formation-en-ia-generative\/","title":{"rendered":"Formation en IA g\u00e9n\u00e9rative"},"content":{"rendered":"<p>Notre formation en IA g\u00e9n\u00e9rative est con\u00e7ue pour les entreprises et PME B2B qui souhaitent explorer le potentiel des technologies de l\u2019intelligence artificielle.<\/p>\n<p>Vous apprenez \u00e0 :<\/p>\n<p>Ma\u00eetriser les principes fondamentaux de l\u2019IA g\u00e9n\u00e9rative,<br \/>\nUtiliser des outils et des frameworks courants,<br \/>\nCr\u00e9er des applications innovantes bas\u00e9es sur cette technologie.<br \/>\nCette formation vous permet de d\u00e9velopper des comp\u00e9tences pratiques pour int\u00e9grer l\u2019IA g\u00e9n\u00e9rative dans vos projets  marketing et optimiser vos processus cr\u00e9atifs et op\u00e9rationnels.<\/p>\n","protected":false},"excerpt":{"rendered":"<p>Notre formation en IA g\u00e9n\u00e9rative est con\u00e7ue pour les entreprises et PME B2B qui souhaitent explorer le potentiel des technologies de l\u2019intelligence artificielle. Vous apprenez \u00e0 : Ma\u00eetriser les principes fondamentaux de l\u2019IA g\u00e9n\u00e9rative, Utiliser des outils et des frameworks courants, Cr\u00e9er des applications innovantes bas\u00e9es sur cette technologie. Cette formation vous permet de d\u00e9velopper [&hellip;]<\/p>\n","protected":false},"featured_media":38101,"template":"","meta":{"_seopress_robots_primary_cat":"","_seopress_titles_title":"","_seopress_titles_desc":"","_seopress_robots_index":"","_api_id":"251946","_exhibitors":["37801"],"footnotes":""},"tags":[],"edition":[394],"product-category":[],"class_list":["post-37805","products","type-products","status-publish","has-post-thumbnail","hentry","edition-digitalize-namur-2025"],"_links":{"self":[{"href":"https:\/\/www.digitalizewallonie.be\/fr\/wp-json\/wp\/v2\/products\/37805","targetHints":{"allow":["GET"]}}],"collection":[{"href":"https:\/\/www.digitalizewallonie.be\/fr\/wp-json\/wp\/v2\/products"}],"about":[{"href":"https:\/\/www.digitalizewallonie.be\/fr\/wp-json\/wp\/v2\/types\/products"}],"version-history":[{"count":1,"href":"https:\/\/www.digitalizewallonie.be\/fr\/wp-json\/wp\/v2\/products\/37805\/revisions"}],"predecessor-version":[{"id":38535,"href":"https:\/\/www.digitalizewallonie.be\/fr\/wp-json\/wp\/v2\/products\/37805\/revisions\/38535"}],"wp:featuredmedia":[{"embeddable":true,"href":"https:\/\/www.digitalizewallonie.be\/fr\/wp-json\/wp\/v2\/media\/38101"}],"wp:attachment":[{"href":"https:\/\/www.digitalizewallonie.be\/fr\/wp-json\/wp\/v2\/media?parent=37805"}],"wp:term":[{"taxonomy":"post_tag","embeddable":true,"href":"https:\/\/www.digitalizewallonie.be\/fr\/wp-json\/wp\/v2\/tags?post=37805"},{"taxonomy":"edition","embeddable":true,"href":"https:\/\/www.digitalizewallonie.be\/fr\/wp-json\/wp\/v2\/edition?post=37805"},{"taxonomy":"product-category","embeddable":true,"href":"https:\/\/www.digitalizewallonie.be\/fr\/wp-json\/wp\/v2\/product-category?post=37805"}],"curies":[{"name":"wp","href":"https:\/\/api.w.org\/{rel}","templated":true}]}}

Formation en IA générative

<p>Notre formation en IA générative est conçue pour les entreprises et PME B2B qui souhaitent explorer le potentiel des technologies de l’intelligence artificielle.</p>
<p>Vous apprenez à :</p>
<p>Maîtriser les principes fondamentaux de l’IA générative,<br />
Utiliser des outils et des frameworks courants,<br />
Créer des applications innovantes basées sur cette technologie.<br />
Cette formation vous permet de développer des compétences pratiques pour intégrer l’IA générative dans vos projets  marketing et optimiser vos processus créatifs et opérationnels.</p>

<p>Notre formation en IA générative est conçue pour les entreprises et PME B2B qui souhaitent explorer le potentiel des technologies de l’intelligence artificielle. Vous apprenez à : Maîtriser les principes fondamentaux de l’IA générative, Utiliser des outils et des frameworks courants, Créer des applications innovantes basées sur cette technologie. Cette formation vous permet de développer [&hellip;]</p>
