{"id":37842,"date":"2025-01-03T15:09:12","date_gmt":"2025-01-03T14:09:12","guid":{"rendered":"https:\/\/www.digitalizewallonie.be\/products\/prevention-et-formation\/"},"modified":"2025-02-11T09:46:00","modified_gmt":"2025-02-11T08:46:00","slug":"prevention-et-formation","status":"publish","type":"products","link":"https:\/\/www.digitalizewallonie.be\/fr\/products\/prevention-et-formation\/","title":{"rendered":"Pr\u00e9vention et formation"},"content":{"rendered":"<p>Nous offrons des programmes complets de sensibilisation \u00e0 la cybers\u00e9curit\u00e9 pour tous les membres de votre entreprise, ainsi que des formations sp\u00e9cialis\u00e9es pour le personnel IT. Notre objectif est de renforcer la vigilance de l&#8217;ensemble de vos employ\u00e9s face aux menaces num\u00e9riques et de doter votre \u00e9quipe IT des comp\u00e9tences n\u00e9cessaires pour prot\u00e9ger efficacement votre infrastructure informatique.<\/p>\n","protected":false},"excerpt":{"rendered":"<p>Nous offrons des programmes complets de sensibilisation \u00e0 la cybers\u00e9curit\u00e9 pour tous les membres de votre entreprise, ainsi que des formations sp\u00e9cialis\u00e9es pour le personnel IT. Notre objectif est de renforcer la vigilance de l&#8217;ensemble de vos employ\u00e9s face aux menaces num\u00e9riques et de doter votre \u00e9quipe IT des comp\u00e9tences n\u00e9cessaires pour prot\u00e9ger efficacement votre [&hellip;]<\/p>\n","protected":false},"featured_media":38119,"template":"","meta":{"_seopress_robots_primary_cat":"","_seopress_titles_title":"","_seopress_titles_desc":"","_seopress_robots_index":"","_api_id":"217922","_exhibitors":["37841"],"footnotes":""},"tags":[],"edition":[394],"product-category":[],"class_list":["post-37842","products","type-products","status-publish","has-post-thumbnail","hentry","edition-digitalize-namur-2025"],"_links":{"self":[{"href":"https:\/\/www.digitalizewallonie.be\/fr\/wp-json\/wp\/v2\/products\/37842","targetHints":{"allow":["GET"]}}],"collection":[{"href":"https:\/\/www.digitalizewallonie.be\/fr\/wp-json\/wp\/v2\/products"}],"about":[{"href":"https:\/\/www.digitalizewallonie.be\/fr\/wp-json\/wp\/v2\/types\/products"}],"version-history":[{"count":2,"href":"https:\/\/www.digitalizewallonie.be\/fr\/wp-json\/wp\/v2\/products\/37842\/revisions"}],"predecessor-version":[{"id":39635,"href":"https:\/\/www.digitalizewallonie.be\/fr\/wp-json\/wp\/v2\/products\/37842\/revisions\/39635"}],"wp:featuredmedia":[{"embeddable":true,"href":"https:\/\/www.digitalizewallonie.be\/fr\/wp-json\/wp\/v2\/media\/38119"}],"wp:attachment":[{"href":"https:\/\/www.digitalizewallonie.be\/fr\/wp-json\/wp\/v2\/media?parent=37842"}],"wp:term":[{"taxonomy":"post_tag","embeddable":true,"href":"https:\/\/www.digitalizewallonie.be\/fr\/wp-json\/wp\/v2\/tags?post=37842"},{"taxonomy":"edition","embeddable":true,"href":"https:\/\/www.digitalizewallonie.be\/fr\/wp-json\/wp\/v2\/edition?post=37842"},{"taxonomy":"product-category","embeddable":true,"href":"https:\/\/www.digitalizewallonie.be\/fr\/wp-json\/wp\/v2\/product-category?post=37842"}],"curies":[{"name":"wp","href":"https:\/\/api.w.org\/{rel}","templated":true}]}}

Prévention et formation

<p>Nous offrons des programmes complets de sensibilisation à la cybersécurité pour tous les membres de votre entreprise, ainsi que des formations spécialisées pour le personnel IT. Notre objectif est de renforcer la vigilance de l&#8217;ensemble de vos employés face aux menaces numériques et de doter votre équipe IT des compétences nécessaires pour protéger efficacement votre infrastructure informatique.</p>

<p>Nous offrons des programmes complets de sensibilisation à la cybersécurité pour tous les membres de votre entreprise, ainsi que des formations spécialisées pour le personnel IT. Notre objectif est de renforcer la vigilance de l&#8217;ensemble de vos employés face aux menaces numériques et de doter votre équipe IT des compétences nécessaires pour protéger efficacement votre [&hellip;]</p>
