{"id":37982,"date":"2025-01-03T15:09:51","date_gmt":"2025-01-03T14:09:51","guid":{"rendered":"https:\/\/www.digitalizewallonie.be\/products\/workshops-ia\/"},"modified":"2025-01-16T21:51:59","modified_gmt":"2025-01-16T20:51:59","slug":"workshops-ia","status":"publish","type":"products","link":"https:\/\/www.digitalizewallonie.be\/fr\/products\/workshops-ia\/","title":{"rendered":"Workshops IA"},"content":{"rendered":"<p>R\u00e9volutionner l&#8217;apprentissage sur le lieu de travail : Exploiter l&#8217;IA comme votre partenaire de d\u00e9veloppement professionnel<br \/>\nLe 16 janvier &#8211; 11h30<\/p>\n<p>D\u00e9couvrez comment l&#8217;IA g\u00e9n\u00e9rative transforme le d\u00e9veloppement professionnel et l&#8217;apprentissage sur le lieu de travail. Cette session explore comment les professionnels de l&#8217;information peuvent tirer parti des outils de l&#8217;IA pour am\u00e9liorer leurs comp\u00e9tences, rationaliser l&#8217;acquisition des connaissances et cr\u00e9er des exp\u00e9riences d&#8217;apprentissage plus efficaces dans leur travail quotidien. Au travers d&#8217;exemples pratiques et d&#8217;applications r\u00e9elles, apprenez comment l&#8217;IA peut devenir votre assistant d&#8217;apprentissage personnel, vous aidant \u00e0 rester comp\u00e9titif dans un paysage professionnel en constante \u00e9volution.<\/p>\n","protected":false},"excerpt":{"rendered":"<p>R\u00e9volutionner l&#8217;apprentissage sur le lieu de travail : Exploiter l&#8217;IA comme votre partenaire de d\u00e9veloppement professionnel Le 16 janvier &#8211; 11h30 D\u00e9couvrez comment l&#8217;IA g\u00e9n\u00e9rative transforme le d\u00e9veloppement professionnel et l&#8217;apprentissage sur le lieu de travail. Cette session explore comment les professionnels de l&#8217;information peuvent tirer parti des outils de l&#8217;IA pour am\u00e9liorer leurs comp\u00e9tences, [&hellip;]<\/p>\n","protected":false},"featured_media":38232,"template":"","meta":{"_seopress_robots_primary_cat":"","_seopress_titles_title":"","_seopress_titles_desc":"","_seopress_robots_index":"","_api_id":"253943","_exhibitors":["37977"],"footnotes":""},"tags":[],"edition":[394],"product-category":[],"class_list":["post-37982","products","type-products","status-publish","has-post-thumbnail","hentry","edition-digitalize-namur-2025"],"_links":{"self":[{"href":"https:\/\/www.digitalizewallonie.be\/fr\/wp-json\/wp\/v2\/products\/37982","targetHints":{"allow":["GET"]}}],"collection":[{"href":"https:\/\/www.digitalizewallonie.be\/fr\/wp-json\/wp\/v2\/products"}],"about":[{"href":"https:\/\/www.digitalizewallonie.be\/fr\/wp-json\/wp\/v2\/types\/products"}],"version-history":[{"count":1,"href":"https:\/\/www.digitalizewallonie.be\/fr\/wp-json\/wp\/v2\/products\/37982\/revisions"}],"predecessor-version":[{"id":38684,"href":"https:\/\/www.digitalizewallonie.be\/fr\/wp-json\/wp\/v2\/products\/37982\/revisions\/38684"}],"wp:featuredmedia":[{"embeddable":true,"href":"https:\/\/www.digitalizewallonie.be\/fr\/wp-json\/wp\/v2\/media\/38232"}],"wp:attachment":[{"href":"https:\/\/www.digitalizewallonie.be\/fr\/wp-json\/wp\/v2\/media?parent=37982"}],"wp:term":[{"taxonomy":"post_tag","embeddable":true,"href":"https:\/\/www.digitalizewallonie.be\/fr\/wp-json\/wp\/v2\/tags?post=37982"},{"taxonomy":"edition","embeddable":true,"href":"https:\/\/www.digitalizewallonie.be\/fr\/wp-json\/wp\/v2\/edition?post=37982"},{"taxonomy":"product-category","embeddable":true,"href":"https:\/\/www.digitalizewallonie.be\/fr\/wp-json\/wp\/v2\/product-category?post=37982"}],"curies":[{"name":"wp","href":"https:\/\/api.w.org\/{rel}","templated":true}]}}

<p>Révolutionner l&#8217;apprentissage sur le lieu de travail : Exploiter l&#8217;IA comme votre partenaire de développement professionnel<br />
Le 16 janvier &#8211; 11h30</p>
<p>Découvrez comment l&#8217;IA générative transforme le développement professionnel et l&#8217;apprentissage sur le lieu de travail. Cette session explore comment les professionnels de l&#8217;information peuvent tirer parti des outils de l&#8217;IA pour améliorer leurs compétences, rationaliser l&#8217;acquisition des connaissances et créer des expériences d&#8217;apprentissage plus efficaces dans leur travail quotidien. Au travers d&#8217;exemples pratiques et d&#8217;applications réelles, apprenez comment l&#8217;IA peut devenir votre assistant d&#8217;apprentissage personnel, vous aidant à rester compétitif dans un paysage professionnel en constante évolution.</p>

<p>Révolutionner l&#8217;apprentissage sur le lieu de travail : Exploiter l&#8217;IA comme votre partenaire de développement professionnel Le 16 janvier &#8211; 11h30 Découvrez comment l&#8217;IA générative transforme le développement professionnel et l&#8217;apprentissage sur le lieu de travail. Cette session explore comment les professionnels de l&#8217;information peuvent tirer parti des outils de l&#8217;IA pour améliorer leurs compétences, [&hellip;]</p>
