{"id":38908,"date":"2025-01-10T14:57:29","date_gmt":"2025-01-10T13:57:29","guid":{"rendered":"https:\/\/www.digitalizewallonie.be\/products\/conference-pourquoi-lia-peut-etre-un-accelerateur-pour-les-enjeux-societaux-de-demain\/"},"modified":"2025-01-16T21:51:13","modified_gmt":"2025-01-16T20:51:13","slug":"conference-pourquoi-lia-peut-etre-un-accelerateur-pour-les-enjeux-societaux-de-demain","status":"publish","type":"products","link":"https:\/\/www.digitalizewallonie.be\/fr\/products\/conference-pourquoi-lia-peut-etre-un-accelerateur-pour-les-enjeux-societaux-de-demain\/","title":{"rendered":"Conf\u00e9rence &#8220;Pourquoi l\u2019IA peut \u00eatre un acc\u00e9l\u00e9rateur pour les enjeux soci\u00e9taux de demain&#8221;"},"content":{"rendered":"<p>L\u2019intelligence artificielle est-elle la grande trag\u00e9die du 21\u00e8me si\u00e8cle ou, au contraire, la solution \u00e0 tous nos probl\u00e8mes ? Au cours de cette pr\u00e9sentation, Mathieu Philippart utilisera des exemples de cas d\u2019usage concret montrant les bienfaits de l\u2019IA pour la soci\u00e9t\u00e9. Vous aurez l\u2019occasion de voir comment l\u2019IA est d\u00e9j\u00e0 en train de transformer divers secteurs et d\u2019apporter des solutions innovantes \u00e0 des probl\u00e8mes complexes. Rejoignez-nous pour une pr\u00e9sentation remplie d\u2019exemples r\u00e9els et tangibles de l\u2019impact positif de l\u2019IA sur notre monde.<\/p>\n<p>Rendez-vous aux Workshops IA le jeudi 16 janvier de 15.00 \u00e0 15.45.<\/p>\n","protected":false},"excerpt":{"rendered":"<p>L\u2019intelligence artificielle est-elle la grande trag\u00e9die du 21\u00e8me si\u00e8cle ou, au contraire, la solution \u00e0 tous nos probl\u00e8mes ? Au cours de cette pr\u00e9sentation, Mathieu Philippart utilisera des exemples de cas d\u2019usage concret montrant les bienfaits de l\u2019IA pour la soci\u00e9t\u00e9. Vous aurez l\u2019occasion de voir comment l\u2019IA est d\u00e9j\u00e0 en train de transformer divers [&hellip;]<\/p>\n","protected":false},"featured_media":38910,"template":"","meta":{"_seopress_robots_primary_cat":"","_seopress_titles_title":"","_seopress_titles_desc":"","_seopress_robots_index":"","_api_id":"256471","_exhibitors":["37758"],"footnotes":""},"tags":[],"edition":[394],"product-category":[],"class_list":["post-38908","products","type-products","status-publish","has-post-thumbnail","hentry","edition-digitalize-namur-2025"],"_links":{"self":[{"href":"https:\/\/www.digitalizewallonie.be\/fr\/wp-json\/wp\/v2\/products\/38908","targetHints":{"allow":["GET"]}}],"collection":[{"href":"https:\/\/www.digitalizewallonie.be\/fr\/wp-json\/wp\/v2\/products"}],"about":[{"href":"https:\/\/www.digitalizewallonie.be\/fr\/wp-json\/wp\/v2\/types\/products"}],"version-history":[{"count":1,"href":"https:\/\/www.digitalizewallonie.be\/fr\/wp-json\/wp\/v2\/products\/38908\/revisions"}],"predecessor-version":[{"id":38909,"href":"https:\/\/www.digitalizewallonie.be\/fr\/wp-json\/wp\/v2\/products\/38908\/revisions\/38909"}],"wp:featuredmedia":[{"embeddable":true,"href":"https:\/\/www.digitalizewallonie.be\/fr\/wp-json\/wp\/v2\/media\/38910"}],"wp:attachment":[{"href":"https:\/\/www.digitalizewallonie.be\/fr\/wp-json\/wp\/v2\/media?parent=38908"}],"wp:term":[{"taxonomy":"post_tag","embeddable":true,"href":"https:\/\/www.digitalizewallonie.be\/fr\/wp-json\/wp\/v2\/tags?post=38908"},{"taxonomy":"edition","embeddable":true,"href":"https:\/\/www.digitalizewallonie.be\/fr\/wp-json\/wp\/v2\/edition?post=38908"},{"taxonomy":"product-category","embeddable":true,"href":"https:\/\/www.digitalizewallonie.be\/fr\/wp-json\/wp\/v2\/product-category?post=38908"}],"curies":[{"name":"wp","href":"https:\/\/api.w.org\/{rel}","templated":true}]}}

Conférence &#8220;Pourquoi l’IA peut être un accélérateur pour les enjeux sociétaux de demain&#8221;

<p>L’intelligence artificielle est-elle la grande tragédie du 21ème siècle ou, au contraire, la solution à tous nos problèmes ? Au cours de cette présentation, Mathieu Philippart utilisera des exemples de cas d’usage concret montrant les bienfaits de l’IA pour la société. Vous aurez l’occasion de voir comment l’IA est déjà en train de transformer divers secteurs et d’apporter des solutions innovantes à des problèmes complexes. Rejoignez-nous pour une présentation remplie d’exemples réels et tangibles de l’impact positif de l’IA sur notre monde.</p>
<p>Rendez-vous aux Workshops IA le jeudi 16 janvier de 15.00 à 15.45.</p>

<p>L’intelligence artificielle est-elle la grande tragédie du 21ème siècle ou, au contraire, la solution à tous nos problèmes ? Au cours de cette présentation, Mathieu Philippart utilisera des exemples de cas d’usage concret montrant les bienfaits de l’IA pour la société. Vous aurez l’occasion de voir comment l’IA est déjà en train de transformer divers [&hellip;]</p>
